{"id":183697,"date":"2016-12-07T10:40:20","date_gmt":"2016-12-07T10:40:20","guid":{"rendered":"http:\/\/www.biavl.dk\/blivbiavler\/?page_id=183697"},"modified":"2019-01-16T10:28:25","modified_gmt":"2019-01-16T10:28:25","slug":"den-nye-biavler","status":"publish","type":"page","link":"https:\/\/www.biavl.dk\/blivbiavler\/bliv-biavler\/den-nye-biavler\/","title":{"rendered":"DEN NYE BIAVLER"},"content":{"rendered":"<p>Den nye biavler er skrevet til de mange, der i disse \u00e5r melder sig til kurserne i de lokale biavlerforeninger overalt i landet. Bogen er skrevet p\u00e5 grundlag af en undervisningsplan, der er brugt i Horsens Biavlerforening og udviklet i l\u00f8bet af de seneste \u00e5r.<\/p>\n<p>Bogen er inddelt i 8 kapitler samt en oversigt (kap. 9 \u00c5rets gang). Den er en introduktion til biavl, der g\u00f8r det muligt for nye biavlere at komme i gang p\u00e5 en forsvarlig m\u00e5de. Udgangspunktet er, at begyndernes viden om biavl er lille. Derfor begynder bogen med det mest element\u00e6re. Iagttagelser i big\u00e5rden er spredt ud over flere kapitler og udfolder sig gradvist.<\/p>\n<p><img loading=\"lazy\" decoding=\"async\" class=\" wp-image-183732 alignleft\" src=\"http:\/\/www.biavl.dk\/blivbiavler\/wp-content\/uploads\/2016\/12\/Den-nye-biavler-212x300.jpg\" alt=\"den-nye-biavler\" width=\"140\" height=\"198\" srcset=\"https:\/\/www.biavl.dk\/blivbiavler\/wp-content\/uploads\/2016\/12\/Den-nye-biavler-212x300.jpg 212w, https:\/\/www.biavl.dk\/blivbiavler\/wp-content\/uploads\/2016\/12\/Den-nye-biavler-768x1084.jpg 768w, https:\/\/www.biavl.dk\/blivbiavler\/wp-content\/uploads\/2016\/12\/Den-nye-biavler-725x1024.jpg 725w, https:\/\/www.biavl.dk\/blivbiavler\/wp-content\/uploads\/2016\/12\/Den-nye-biavler.jpg 2008w\" sizes=\"auto, (max-width: 140px) 100vw, 140px\" \/><\/p>\n<p>&nbsp;<\/p>\n<p>Den nye biavler er skrevet af Eigil Holm.<\/p>\n<p>Bogen koster 199,- kr. og kan k\u00f8bes i <a href=\"http:\/\/bishoppen.dk\/\" target=\"_blank\" rel=\"noopener\">bishoppen<\/a><\/p>\n<p>&nbsp;<\/p>\n<p>Her kan du se de 25 videoer, der henvises til fra bogen:<br \/>\n<strong>Dronningen vandrer<\/strong><br \/>\n<iframe loading=\"lazy\" src=\"https:\/\/www.youtube.com\/embed\/HJ10NQNsw5Q\" width=\"560\" height=\"315\" frameborder=\"0\" allowfullscreen=\"allowfullscreen\"><\/iframe><\/p>\n<p><strong>Trafik ved flyvebr\u00e6dtet<\/strong><br \/>\n<iframe loading=\"lazy\" src=\"https:\/\/www.youtube.com\/embed\/KMhCNP9ZNaQ\" width=\"560\" height=\"315\" frameborder=\"0\" allowfullscreen=\"allowfullscreen\"><\/iframe><\/p>\n<p><strong>Opstablingsstade \u00e5bnes<\/strong><br \/>\n<iframe loading=\"lazy\" src=\"https:\/\/www.youtube.com\/embed\/qC039hMnS6I\" width=\"560\" height=\"315\" frameborder=\"0\" allowfullscreen=\"allowfullscreen\"><\/iframe><\/p>\n<p><strong>Trugstade<\/strong><br \/>\n<iframe loading=\"lazy\" src=\"https:\/\/www.youtube.com\/embed\/EvkFQqOX3CU\" width=\"560\" height=\"315\" frameborder=\"0\" allowfullscreen=\"allowfullscreen\"><\/iframe><\/p>\n<p><strong>Tr\u00e5dstrammer og ilodning<\/strong><br \/>\n<iframe loading=\"lazy\" src=\"https:\/\/www.youtube.com\/embed\/w_bvnxFwptM\" width=\"560\" height=\"315\" frameborder=\"0\" allowfullscreen=\"allowfullscreen\"><\/iframe><\/p>\n<p><strong>Stadekniv og vildbyg<\/strong><br \/>\n<iframe loading=\"lazy\" src=\"https:\/\/www.youtube.com\/embed\/_QHPzlGoZv0\" width=\"560\" height=\"315\" frameborder=\"0\" allowfullscreen=\"allowfullscreen\"><\/iframe><\/p>\n<p><strong>R\u00f8gpuster<\/strong><br \/>\n<iframe loading=\"lazy\" src=\"https:\/\/www.youtube.com\/embed\/B0tqIoK50z4\" width=\"560\" height=\"315\" frameborder=\"0\" allowfullscreen=\"allowfullscreen\"><\/iframe><\/p>\n<p><strong>Bier drikker<\/strong><br \/>\n<iframe loading=\"lazy\" src=\"https:\/\/www.youtube.com\/embed\/ss-RE7as2no\" width=\"560\" height=\"315\" frameborder=\"0\" allowfullscreen=\"allowfullscreen\"><\/iframe><\/p>\n<p><strong>Big\u00e5rd, opstabling<\/strong><br \/>\n<iframe loading=\"lazy\" src=\"https:\/\/www.youtube.com\/embed\/TMrgFfpYPcU\" width=\"560\" height=\"315\" frameborder=\"0\" allowfullscreen=\"allowfullscreen\"><\/iframe><\/p>\n<p><strong>Honningtavler<\/strong><br \/>\n<iframe loading=\"lazy\" src=\"https:\/\/www.youtube.com\/embed\/dUM8cSS1G_w\" width=\"560\" height=\"315\" frameborder=\"0\" allowfullscreen=\"allowfullscreen\"><\/iframe><\/p>\n<p><strong>Pollentavle<\/strong><br \/>\n<iframe loading=\"lazy\" src=\"https:\/\/www.youtube.com\/embed\/IlNdxGbWP08\" width=\"560\" height=\"315\" frameborder=\"0\" allowfullscreen=\"allowfullscreen\"><\/iframe><\/p>\n<p><strong>Drone- og dronningeceller<\/strong><br \/>\n<iframe loading=\"lazy\" src=\"https:\/\/www.youtube.com\/embed\/Qmx8sA_9ydA\" width=\"560\" height=\"315\" frameborder=\"0\" allowfullscreen=\"allowfullscreen\"><\/iframe><\/p>\n<p><strong>Sort tavle<\/strong><br \/>\n<iframe loading=\"lazy\" src=\"https:\/\/www.youtube.com\/embed\/BJWDtEYje9I\" width=\"560\" height=\"315\" frameborder=\"0\" allowfullscreen=\"allowfullscreen\"><\/iframe><\/p>\n<p><strong>Stik<\/strong><br \/>\n<iframe loading=\"lazy\" src=\"https:\/\/www.youtube.com\/embed\/JiLeowzXxu0\" width=\"560\" height=\"315\" frameborder=\"0\" allowfullscreen=\"allowfullscreen\"><\/iframe><\/p>\n<p><strong>Sv\u00e6rmfangst<\/strong><br \/>\n<iframe loading=\"lazy\" src=\"https:\/\/www.youtube.com\/embed\/7SDlzR9Wu0U\" width=\"560\" height=\"315\" frameborder=\"0\" allowfullscreen=\"allowfullscreen\"><\/iframe><\/p>\n<p><strong>Best\u00f8vning<\/strong><br \/>\n<iframe loading=\"lazy\" src=\"https:\/\/www.youtube.com\/embed\/2iWdNXAPHVA\" width=\"560\" height=\"315\" frameborder=\"0\" allowfullscreen=\"allowfullscreen\"><\/iframe><br \/>\n<strong><br \/>\nDronningegitter og bit\u00f8mmer<\/strong><br \/>\n<iframe loading=\"lazy\" src=\"https:\/\/www.youtube.com\/embed\/DnwJDfO4UzI\" width=\"560\" height=\"315\" frameborder=\"0\" allowfullscreen=\"allowfullscreen\"><\/iframe><br \/>\n<strong><br \/>\nVentilatorbier bl\u00e6ser lys ud<\/strong><br \/>\n<iframe loading=\"lazy\" src=\"https:\/\/www.youtube.com\/embed\/9LBIm2367Ow\" width=\"560\" height=\"315\" frameborder=\"0\" allowfullscreen=\"allowfullscreen\"><\/iframe><\/p>\n<p><strong>Honningh\u00f8st<\/strong><br \/>\n<iframe loading=\"lazy\" src=\"https:\/\/www.youtube.com\/embed\/hvKdEUtff0A\" width=\"560\" height=\"315\" frameborder=\"0\" allowfullscreen=\"allowfullscreen\"><\/iframe><\/p>\n<p><strong>Skr\u00e6lning og slyngning<\/strong><br \/>\n<iframe loading=\"lazy\" src=\"https:\/\/www.youtube.com\/embed\/RbN7mv7eCHs\" width=\"560\" height=\"315\" frameborder=\"0\" allowfullscreen=\"allowfullscreen\"><\/iframe><\/p>\n<p><strong>R\u00f8ring og aftapning<\/strong><br \/>\n<iframe loading=\"lazy\" src=\"https:\/\/www.youtube.com\/embed\/-lZ4nAWRK8Y\" width=\"560\" height=\"315\" frameborder=\"0\" allowfullscreen=\"allowfullscreen\"><\/iframe><\/p>\n<p><strong>Dronningeavl<\/strong><br \/>\n<iframe loading=\"lazy\" src=\"https:\/\/www.youtube.com\/embed\/UKKVnqPr7nI\" width=\"560\" height=\"315\" frameborder=\"0\" allowfullscreen=\"allowfullscreen\"><\/iframe><\/p>\n<p><strong>Kielerstade<\/strong><br \/>\n<iframe loading=\"lazy\" src=\"https:\/\/www.youtube.com\/embed\/aov7y6vEF64\" width=\"560\" height=\"315\" frameborder=\"0\" allowfullscreen=\"allowfullscreen\"><\/iframe><\/p>\n<p><strong>Ny dronning tils\u00e6ttes<\/strong><br \/>\n<iframe loading=\"lazy\" src=\"https:\/\/www.youtube.com\/embed\/c27R2aDfjDk\" width=\"560\" height=\"315\" frameborder=\"0\" allowfullscreen=\"allowfullscreen\"><\/iframe><\/p>\n<p><strong>Varroabek\u00e6mpelse<\/strong><br \/>\n<iframe loading=\"lazy\" src=\"https:\/\/www.youtube.com\/embed\/F5pDCxcP7sc\" width=\"560\" height=\"315\" frameborder=\"0\" allowfullscreen=\"allowfullscreen\"><\/iframe><\/p>\n","protected":false},"excerpt":{"rendered":"<p>Den nye biavler er skrevet til de mange, der i disse \u00e5r melder sig til kurserne i de lokale biavlerforeninger overalt i landet. Bogen er skrevet p\u00e5 grundlag af en undervisningsplan, der er brugt i Horsens Biavlerforening og udviklet i l\u00f8bet af de seneste \u00e5r. Bogen er inddelt i 8 kapitler samt en oversigt (kap. <&hellip;><\/p>\n","protected":false},"author":3,"featured_media":0,"parent":59,"menu_order":2,"comment_status":"closed","ping_status":"closed","template":"","meta":{"_acf_changed":false,"footnotes":""},"class_list":["post-183697","page","type-page","status-publish","hentry"],"acf":[],"aioseo_notices":[],"_links":{"self":[{"href":"https:\/\/www.biavl.dk\/blivbiavler\/wp-json\/wp\/v2\/pages\/183697","targetHints":{"allow":["GET"]}}],"collection":[{"href":"https:\/\/www.biavl.dk\/blivbiavler\/wp-json\/wp\/v2\/pages"}],"about":[{"href":"https:\/\/www.biavl.dk\/blivbiavler\/wp-json\/wp\/v2\/types\/page"}],"author":[{"embeddable":true,"href":"https:\/\/www.biavl.dk\/blivbiavler\/wp-json\/wp\/v2\/users\/3"}],"replies":[{"embeddable":true,"href":"https:\/\/www.biavl.dk\/blivbiavler\/wp-json\/wp\/v2\/comments?post=183697"}],"version-history":[{"count":13,"href":"https:\/\/www.biavl.dk\/blivbiavler\/wp-json\/wp\/v2\/pages\/183697\/revisions"}],"predecessor-version":[{"id":3007780,"href":"https:\/\/www.biavl.dk\/blivbiavler\/wp-json\/wp\/v2\/pages\/183697\/revisions\/3007780"}],"up":[{"embeddable":true,"href":"https:\/\/www.biavl.dk\/blivbiavler\/wp-json\/wp\/v2\/pages\/59"}],"wp:attachment":[{"href":"https:\/\/www.biavl.dk\/blivbiavler\/wp-json\/wp\/v2\/media?parent=183697"}],"curies":[{"name":"wp","href":"https:\/\/api.w.org\/{rel}","templated":true}]}}