{"id":3008187,"date":"2018-08-24T20:38:23","date_gmt":"2018-08-24T20:38:23","guid":{"rendered":"http:\/\/www.biavl.dk\/blivbiavler\/?page_id=3008187"},"modified":"2025-02-11T11:01:11","modified_gmt":"2025-02-11T11:01:11","slug":"nyheder-2","status":"publish","type":"page","link":"https:\/\/www.biavl.dk\/blivbiavler\/medlemsfordele\/nyheder-2\/","title":{"rendered":"KURSER OG UDDANNELSE"},"content":{"rendered":"<p>Kurser og uddannelse er et v\u00e6sentligt indsatsomr\u00e5de i Danmarks Biavlerforening. Som medlem har du adgang til foreningens kurser og arrangementer. Foreningens samlede kursusplan omfatter begynderkurser for nye biavlere og uddannelsestilbud til erfarne biavlere inden for bl.a. biernes produkter, dronningeavl og specielle driftsformer. Nogle kurser afholdes lokalt, mens andre afholdes p\u00e5 landsplan. P\u00e5 den m\u00e5de kan\u00a0du som medlem tilegne dig den n\u00f8dvendige viden, og tilmed specialisere dig inden for s\u00e6rlige dele af biavlen. Endelig tilbydes ogs\u00e5 kurser for lokalforeningernes instrukt\u00f8rer og bestyrelsesmedlemmer.<\/p>\n<p>Eksempler p\u00e5 kurser og arrangementer du kan f\u00e5 gl\u00e6de af som medlem er:<\/p>\n<ul>\n<li>Dansk Biavlskonference \u2013 en weekend med foredrag og workshops<\/li>\n<li>Begynderkurser \u2013 lokale kurser for nye biavlere best\u00e5ende af teori og praksis<\/li>\n<li>Lokale specialkurser, hvor du kan fordybe dig i forskellige grene af biavlen<\/li>\n<li>Tilbud om webinarer, hvor du kan deltage over internettet<\/li>\n<li>Kurser for lokalforeningernes instrukt\u00f8rer og bestyrelsesmedlemmer<\/li>\n<li>Undervisningsmaterialer til andre interesserede, som f.eks. folkeskoler<\/li>\n<\/ul>\n","protected":false},"excerpt":{"rendered":"<p>Kurser og uddannelse er et v\u00e6sentligt indsatsomr\u00e5de i Danmarks Biavlerforening. Som medlem har du adgang til foreningens kurser og arrangementer. Foreningens samlede kursusplan omfatter begynderkurser for nye biavlere og uddannelsestilbud til erfarne biavlere inden for bl.a. biernes produkter, dronningeavl og specielle driftsformer. Nogle kurser afholdes lokalt, mens andre afholdes p\u00e5 landsplan. P\u00e5 den m\u00e5de kan\u00a0du <&hellip;><\/p>\n","protected":false},"author":4,"featured_media":0,"parent":55,"menu_order":3,"comment_status":"closed","ping_status":"closed","template":"page_vis_under.php","meta":{"_acf_changed":false,"footnotes":""},"class_list":["post-3008187","page","type-page","status-publish","hentry"],"acf":[],"aioseo_notices":[],"_links":{"self":[{"href":"https:\/\/www.biavl.dk\/blivbiavler\/wp-json\/wp\/v2\/pages\/3008187","targetHints":{"allow":["GET"]}}],"collection":[{"href":"https:\/\/www.biavl.dk\/blivbiavler\/wp-json\/wp\/v2\/pages"}],"about":[{"href":"https:\/\/www.biavl.dk\/blivbiavler\/wp-json\/wp\/v2\/types\/page"}],"author":[{"embeddable":true,"href":"https:\/\/www.biavl.dk\/blivbiavler\/wp-json\/wp\/v2\/users\/4"}],"replies":[{"embeddable":true,"href":"https:\/\/www.biavl.dk\/blivbiavler\/wp-json\/wp\/v2\/comments?post=3008187"}],"version-history":[{"count":2,"href":"https:\/\/www.biavl.dk\/blivbiavler\/wp-json\/wp\/v2\/pages\/3008187\/revisions"}],"predecessor-version":[{"id":4821139,"href":"https:\/\/www.biavl.dk\/blivbiavler\/wp-json\/wp\/v2\/pages\/3008187\/revisions\/4821139"}],"up":[{"embeddable":true,"href":"https:\/\/www.biavl.dk\/blivbiavler\/wp-json\/wp\/v2\/pages\/55"}],"wp:attachment":[{"href":"https:\/\/www.biavl.dk\/blivbiavler\/wp-json\/wp\/v2\/media?parent=3008187"}],"curies":[{"name":"wp","href":"https:\/\/api.w.org\/{rel}","templated":true}]}}