{"id":4557418,"date":"2019-08-15T12:32:30","date_gmt":"2019-08-15T12:32:30","guid":{"rendered":"http:\/\/www.biavl.dk\/blivbiavler\/?page_id=4557418"},"modified":"2025-08-26T05:46:18","modified_gmt":"2025-08-26T05:46:18","slug":"forsikring-med-rabat","status":"publish","type":"page","link":"https:\/\/www.biavl.dk\/blivbiavler\/forsikring-med-rabat\/","title":{"rendered":"FORSIKRING MED RABAT"},"content":{"rendered":"<p><strong>Tegn en skr\u00e6ddersyet biavlsforsikring &amp; f\u00e5 10% rabat p\u00e5 dine privatforsikringer <\/strong><\/p>\n<p>Hos Spira Forsikring har vi i samarbejde med Danmarks Biavlerforening udviklet en biavlsforsikring, som er s\u00e6rligt skr\u00e6ddersyet til biavlere. Forsikringen tilbydes kun til medlemmer af DBF og d\u00e6kker de s\u00e6rlige behov, du har som biavler.<\/p>\n<p>&nbsp;<\/p>\n<p><strong>10% medlemsrabat p\u00e5 alle privatforsikringer<\/strong><\/p>\n<p>Som noget nyt kan du nu som medlem af Danmarks Biavlerforening f\u00e5 10% rabat p\u00e5 alle dine privatforsikringer hos Spira Forsikring.<\/p>\n<p>Kontakt Spira Forsikring <a href=\"https:\/\/spira.dk\/kontakt\" target=\"_blank\" rel=\"noopener\"><u>her<\/u><\/a>, hvis du \u00f8nsker at tegne ny forsikring, eller hvis du vil vide, hvordan du opn\u00e5r rabatten p\u00e5 dine eksisterende privatforsikringer hos Spira Forsikring.<\/p>\n<p>&nbsp;<\/p>\n<p><strong>Det d\u00e6kker en Biavlsforsikring fra Spira Forsikring<\/strong><\/p>\n<p>Forsikringen d\u00e6kker bifamilien og bistader inkl. produktion og udstyr og sikrer dig imod:<\/p>\n<ul>\n<li>Brand<\/li>\n<li>Vandskade &amp; oversv\u00f8mmelse<\/li>\n<li>Tyveri, h\u00e6rv\u00e6rk &amp; skade forvoldt af st\u00f8rre dyr<\/li>\n<li>V\u00e6ltede tr\u00e6er og nedfaldne grene<\/li>\n<li>Transport af bistader og honning<\/li>\n<li>Ondartet bipest<\/li>\n<li>Spr\u00f8jteskader<\/li>\n<li>Driftstab<\/li>\n<\/ul>\n<p>L\u00e6s mere om forsikringen <a href=\"https:\/\/www.spira.dk\/erhverv\/forsikringer\/biavlsforsikring\" target=\"_blank\" rel=\"noopener\"><u>her<\/u><\/a> eller ring til Spira Forsikring p\u00e5 tlf<strong>. 43 71 17 77 for at h\u00f8re mere.<\/strong><\/p>\n<p>&nbsp;<\/p>\n<p><strong>Om Spira Forsikring<\/strong><\/p>\n<p>Spira Forsikring er et kundeejet forsikringsselskab med et stort, gr\u00f8nt hjerte og begge ben solidt plantet p\u00e5 jorden. Det har vi faktisk haft siden 1908.<\/p>\n<p>F\u00f8r hed vi Gartnernes Forsikring, nu har vi skiftet navn til Spira Forsikring \u2013 resten har vi ikke lavet om p\u00e5.<\/p>\n<p>Hos os f\u00e5r du stadig forsikringer i \u00f8jenh\u00f8jde, fair priser og personlig, professionel r\u00e5dgivning.<\/p>\n<p>Vi g\u00e5r ikke s\u00e5 meget op i, hvad du arbejder med eller hvor du kommer fra. Vi g\u00e5r til geng\u00e6ld meget op i, at vi altid er nemme at f\u00e5 fat p\u00e5, og vi tager dig og dine behov alvorligt og personligt. For os handler forsikring om meget mere end bare ting og penge. Vi er her for dig hele vejen \u2013 ogs\u00e5 hvis uheldet er ude.<\/p>\n<p>Hos os er du en del af et kundeejet f\u00e6llesskab. Det betyder, at du \u2013 og alle vores andre kunder \u2013 hver is\u00e6r ejer en lille smule af os. Og, at overskuddet g\u00e5r til at udvikle os, s\u00e5 vores forsikringer, priser og service konstant forbedres \u2013 til gavn for alle.<\/p>\n<p>Vi er ikke st\u00f8rre end, at vi altid har tid til dig. Om du ringer til os, skriver eller f\u00e5r bes\u00f8g af din forsikringsr\u00e5dgiver, bliver du m\u00f8dt af mennesker, der interesserer sig for dig og taler i et sprog, du forst\u00e5r. Vores r\u00e5dgivning tager altid udgangspunkt i dig, og sammen guider vi dig gennem forsikringsjunglen. For os handler det om n\u00e6rv\u00e6r, om at g\u00f8re det komplicerede lidt mere enkelt og om v\u00e6re s\u00e5 transparente, som vi overhovedet kan.<\/p>\n<p>Er du p\u00e5 udkig efter et jordn\u00e6rt forsikringsselskab, der rent faktisk tager dig og dine behov personligt og alvorligt, s\u00e5 kan vi forsikre dig om, at du vil f\u00f8le dig godt tilpas hos. Hos os stikker tryghed nemlig lidt dybere, og s\u00e5dan har det v\u00e6ret i snart 120 \u00e5r.<\/p>\n","protected":false},"excerpt":{"rendered":"<p>Tegn en skr\u00e6ddersyet biavlsforsikring &amp; f\u00e5 10% rabat p\u00e5 dine privatforsikringer Hos Spira Forsikring har vi i samarbejde med Danmarks Biavlerforening udviklet en biavlsforsikring, som er s\u00e6rligt skr\u00e6ddersyet til biavlere. Forsikringen tilbydes kun til medlemmer af DBF og d\u00e6kker de s\u00e6rlige behov, du har som biavler. &nbsp; 10% medlemsrabat p\u00e5 alle privatforsikringer Som noget nyt <&hellip;><\/p>\n","protected":false},"author":3,"featured_media":0,"parent":0,"menu_order":0,"comment_status":"closed","ping_status":"closed","template":"","meta":{"_acf_changed":false,"footnotes":""},"class_list":["post-4557418","page","type-page","status-publish","hentry"],"acf":[],"aioseo_notices":[],"_links":{"self":[{"href":"https:\/\/www.biavl.dk\/blivbiavler\/wp-json\/wp\/v2\/pages\/4557418","targetHints":{"allow":["GET"]}}],"collection":[{"href":"https:\/\/www.biavl.dk\/blivbiavler\/wp-json\/wp\/v2\/pages"}],"about":[{"href":"https:\/\/www.biavl.dk\/blivbiavler\/wp-json\/wp\/v2\/types\/page"}],"author":[{"embeddable":true,"href":"https:\/\/www.biavl.dk\/blivbiavler\/wp-json\/wp\/v2\/users\/3"}],"replies":[{"embeddable":true,"href":"https:\/\/www.biavl.dk\/blivbiavler\/wp-json\/wp\/v2\/comments?post=4557418"}],"version-history":[{"count":19,"href":"https:\/\/www.biavl.dk\/blivbiavler\/wp-json\/wp\/v2\/pages\/4557418\/revisions"}],"predecessor-version":[{"id":4843846,"href":"https:\/\/www.biavl.dk\/blivbiavler\/wp-json\/wp\/v2\/pages\/4557418\/revisions\/4843846"}],"wp:attachment":[{"href":"https:\/\/www.biavl.dk\/blivbiavler\/wp-json\/wp\/v2\/media?parent=4557418"}],"curies":[{"name":"wp","href":"https:\/\/api.w.org\/{rel}","templated":true}]}}