{"id":57,"date":"2016-03-14T10:23:02","date_gmt":"2016-03-14T10:23:02","guid":{"rendered":"http:\/\/vonbulow.org\/bliv-biavler\/?page_id=57"},"modified":"2026-01-21T11:32:49","modified_gmt":"2026-01-21T11:32:49","slug":"startpakken","status":"publish","type":"page","link":"https:\/\/www.biavl.dk\/blivbiavler\/bliv-biavler\/startpakken\/","title":{"rendered":"STARTPAKKEN"},"content":{"rendered":"<h2>STARTPAKKEN 2026<\/h2>\n<p>For at hj\u00e6lpe dig godt i gang som biavler, s\u00e5 har Danmarks Biavlerforening i samarbejde med Materielforhandlerforeningen udarbejdet et tilbud p\u00e5 en samlet pakke, som indeholder det basale til, at du kan komme i gang som biavler.<\/p>\n<p>&nbsp;<\/p>\n<p><a href=\"http:\/\/www.biavl.dk\/blivbiavler\/wp-content\/uploads\/2024\/01\/Startpakken2024_indhold.pdf\"><img loading=\"lazy\" decoding=\"async\" width=\"210\" height=\"300\" class=\"alignnone size-medium wp-image-4770383\" src=\"http:\/\/www.biavl.dk\/blivbiavler\/wp-content\/uploads\/2024\/01\/Startpakken2024_indhold-210x300.jpg\" alt=\"\" srcset=\"https:\/\/www.biavl.dk\/blivbiavler\/wp-content\/uploads\/2024\/01\/Startpakken2024_indhold-210x300.jpg 210w, https:\/\/www.biavl.dk\/blivbiavler\/wp-content\/uploads\/2024\/01\/Startpakken2024_indhold.jpg 676w\" sizes=\"auto, (max-width: 210px) 100vw, 210px\" \/><\/a><\/p>\n<p>&nbsp;<\/p>\n<p>En bedre start som biavler kan du ikke f\u00e5. Pakken indeholder, hvad der er n\u00f8dvendigt for at f\u00e5 en god start som biavler til en yderst fordelagtig pris.<\/p>\n<p>For at komme i betragtning til begynderpakken, skal du v\u00e6re nyt medlem (have tegnet medlemskab for \u00e9t \u00e5r, og ikke v\u00e6ret medlem indenfor de seneste 5 \u00e5r) af Danmarks Biavlerforening . Ved indmeldelse i Danmarks Biavlerforening, modtager det nye medlem et velkomstbrev med gavebevis, som giver ret til at k\u00f8be begynderpakken.<\/p>\n<p>Har du sp\u00f8rgsm\u00e5l, er du velkommen til at kontakte Danmarks Biavlerforening.<\/p>\n<p>Danmarks Biavlerforening<br \/>\nFulbyvej 15,\u00a04180 Sor\u00f8<br \/>\nTlf. 57 86 54 70 \u2013 dansk@biavl.dk<br \/>\nHjemmeside: www.biavl.dk<\/p>\n<p>Startpakken i 2026 koster 3.950 kr. med et bistade lavet af styropor, og lidt mere med et bistade af polyuretan (4.300,- kr.). \u00d8nskes et bistade af polyuretan i rammem\u00e5let Langstroth er prisen 4.800,- kr.<\/p>\n<p>Ved fragt p\u00e5regnes et fragtgebyr. \u00d8nsker du ogs\u00e5 en slynge, s\u00e5 kontakt din materielforhandler og h\u00f8r om mulighederne, n\u00e5r du skal anskaffe en slynge.<\/p>\n<p>Ved bestilling af startpakken anbefales det at f\u00e5 en snak med en konsulent, den lokale biavlerforening eller den lokale materielforhandler om hvilket rammem\u00e5l, der kan anbefales i dit omr\u00e5de.<\/p>\n<h2>TILBUDDET INDEHOLDER<\/h2>\n<ul>\n<li>1 bistade i styropor med 4 magasiner og d\u00e6kplade<\/li>\n<li>V\u00e6lg mellem\n<ul>\n<li>50 f\u00e6rdigtr\u00e5dede rammer<\/li>\n<li>50 utr\u00e5dede rammer + 1 rulle tavletr\u00e5d +\u00a01 pakke s\u00f8m til at s\u00e6tte tavletr\u00e5den fast med<\/li>\n<\/ul>\n<\/li>\n<li>5 kg vokstavler til at s\u00e6tte i rammerne<\/li>\n<li>1 bi-jakke med hat og sl\u00f8r<\/li>\n<li>1 par gummihandsker med manchetter<\/li>\n<li>1 r\u00f8gpuster<\/li>\n<li>1 stadekniv<\/li>\n<li>1 bib\u00f8rste<\/li>\n<li>1 dronningegitter<\/li>\n<li>L\u00e6rebog i biavl<\/li>\n<\/ul>\n<h2><\/h2>\n<h2>DANMARKS BIAVLERFORENING GIVER<\/h2>\n<p>Danmarks Biavlerforening giver i startpakken en velkomstgave:<\/p>\n<ul>\n<li>Dine f\u00f8rste 100 honningetiketter med dit navn (bem\u00e6rk der skal udfyldes en deklaration)<\/li>\n<li>Samt &#8220;L\u00e6rebog i Biavl&#8221; (248 sider)<\/li>\n<\/ul>\n<p>K\u00f8ber du ikke hele pakken, kan du k\u00f8be &#8220;L\u00e6rebog i Biavl&#8221; for 100 kr. + porto fra Danmarks Biavlerforening og du kan stadig f\u00e5 100 etiketter.<\/p>\n<p>&nbsp;<\/p>\n<h2>DIN LOKALE FORENING HAR:<\/h2>\n<ul>\n<li>Biavl for Begyndere (56 sider let overskueligt begynderh\u00e6fte)<\/li>\n<li>Biavl med Varroa (let overskueligt h\u00e6fte om hvordan man bek\u00e6mper varroamider biologisk)<br \/>\nog mange andre temah\u00e6fter.<\/li>\n<\/ul>\n<h2><\/h2>\n<h2>HVOR FINDER \/ ERHVERVER JEG BIER?<\/h2>\n<p>Startpakken indeholder alt hvad en ny biavler har brug for &#8211; bortset fra levende bier. Bier kan erhverves p\u00e5 mange m\u00e5der. I Tidsskrift for Biavl annonceres ofte med salg af bier. Men ellers vil den bedste m\u00e5de v\u00e6re at kontakte den lokale biavlerforening i dit omr\u00e5de. De ved oftest hvor man kan erhverve bier lokalt.<\/p>\n<p>HUSK VED K\u00d8B AF BIER, SKAL BIERNE SYNES af en kyndig biavler. Det er s\u00e6lgerens pligt at s\u00f8rge for, at bierne bliver synet af en kyndig biavler. Biavlere skal registrere deres biavl i Centralt Big\u00e5rdsRegister hos Landbrugs- og Fiskeristyrelsen (<a href=\"https:\/\/cbr.lbst.dk\" target=\"_blank\" rel=\"noopener\">https:\/\/cbr.lbst.dk<\/a>)<\/p>\n<p>&nbsp;<\/p>\n<p><img loading=\"lazy\" decoding=\"async\" width=\"213\" height=\"300\" class=\"alignnone size-medium wp-image-4861631\" src=\"http:\/\/www.biavl.dk\/blivbiavler\/wp-content\/uploads\/2026\/01\/Sider-fra-Startpakken-2026.pdf-213x300.jpg\" alt=\"\" srcset=\"https:\/\/www.biavl.dk\/blivbiavler\/wp-content\/uploads\/2026\/01\/Sider-fra-Startpakken-2026.pdf-213x300.jpg 213w, https:\/\/www.biavl.dk\/blivbiavler\/wp-content\/uploads\/2026\/01\/Sider-fra-Startpakken-2026.pdf-726x1024.jpg 726w, https:\/\/www.biavl.dk\/blivbiavler\/wp-content\/uploads\/2026\/01\/Sider-fra-Startpakken-2026.pdf-768x1084.jpg 768w, https:\/\/www.biavl.dk\/blivbiavler\/wp-content\/uploads\/2026\/01\/Sider-fra-Startpakken-2026.pdf.jpg 978w\" sizes=\"auto, (max-width: 213px) 100vw, 213px\" \/><\/p>\n<p>&nbsp;<\/p>\n<p>Du finder folderen &#8220;Startpakken 2026&#8221; <a href=\"http:\/\/www.biavl.dk\/blivbiavler\/wp-content\/uploads\/2026\/01\/Startpakken-2026.pdf\" target=\"_blank\" rel=\"noopener\">her<\/a><\/p>\n<p>&nbsp;<\/p>\n<p>&nbsp;<\/p>\n","protected":false},"excerpt":{"rendered":"<p>STARTPAKKEN 2026 For at hj\u00e6lpe dig godt i gang som biavler, s\u00e5 har Danmarks Biavlerforening i samarbejde med Materielforhandlerforeningen udarbejdet et tilbud p\u00e5 en samlet pakke, som indeholder det basale til, at du kan komme i gang som biavler. &nbsp; &nbsp; En bedre start som biavler kan du ikke f\u00e5. Pakken indeholder, hvad der er <&hellip;><\/p>\n","protected":false},"author":1,"featured_media":0,"parent":59,"menu_order":5,"comment_status":"closed","ping_status":"closed","template":"page_vis_under.php","meta":{"_acf_changed":false,"footnotes":""},"class_list":["post-57","page","type-page","status-publish","hentry"],"acf":[],"aioseo_notices":[],"_links":{"self":[{"href":"https:\/\/www.biavl.dk\/blivbiavler\/wp-json\/wp\/v2\/pages\/57","targetHints":{"allow":["GET"]}}],"collection":[{"href":"https:\/\/www.biavl.dk\/blivbiavler\/wp-json\/wp\/v2\/pages"}],"about":[{"href":"https:\/\/www.biavl.dk\/blivbiavler\/wp-json\/wp\/v2\/types\/page"}],"author":[{"embeddable":true,"href":"https:\/\/www.biavl.dk\/blivbiavler\/wp-json\/wp\/v2\/users\/1"}],"replies":[{"embeddable":true,"href":"https:\/\/www.biavl.dk\/blivbiavler\/wp-json\/wp\/v2\/comments?post=57"}],"version-history":[{"count":75,"href":"https:\/\/www.biavl.dk\/blivbiavler\/wp-json\/wp\/v2\/pages\/57\/revisions"}],"predecessor-version":[{"id":4861633,"href":"https:\/\/www.biavl.dk\/blivbiavler\/wp-json\/wp\/v2\/pages\/57\/revisions\/4861633"}],"up":[{"embeddable":true,"href":"https:\/\/www.biavl.dk\/blivbiavler\/wp-json\/wp\/v2\/pages\/59"}],"wp:attachment":[{"href":"https:\/\/www.biavl.dk\/blivbiavler\/wp-json\/wp\/v2\/media?parent=57"}],"curies":[{"name":"wp","href":"https:\/\/api.w.org\/{rel}","templated":true}]}}