{"id":123133,"date":"2020-01-16T09:08:55","date_gmt":"2020-01-16T09:08:55","guid":{"rendered":"https:\/\/www.biavl.dk\/medlemmer\/?page_id=123133"},"modified":"2020-01-16T12:28:54","modified_gmt":"2020-01-16T12:28:54","slug":"regler-for-flytning-af-bier","status":"publish","type":"page","link":"https:\/\/www.biavl.dk\/medlemmer\/videnbank\/salg-og-flytning-af-bier\/regler-for-flytning-af-bier\/","title":{"rendered":"REGLER FOR FLYTNING AF BIER"},"content":{"rendered":"<p>Bier m\u00e5 ikke flyttes til anden ejendom eller ud over 1 km fra stadets hidtidige placering, uden at der forud for flytningen er foretaget et syn af bifamilien af en uddannet og registreret kyndig biavler. Bifamilien skal ligeledes synes, hvis den s\u00e6lges eller p\u00e5 anden m\u00e5de overdrages til anden person, ogs\u00e5 selvom stadets placering er u\u00e6ndret.<\/p>\n<p>Den kyndige biavler udsteder en sundhedsattest, hvis der i big\u00e5rden ikke er synlige tegn p\u00e5 anmeldepligtige sygdomme eller skadeg\u00f8rere. Sundhedsattesten g\u00e6lder i 14 dage fra synet af bifamilien. Oversigt over kyndige biavlere hos Danmarks Biavlerforening kan findes <a href=\"https:\/\/www.biavl.dk\/medlemmer\/videnbank\/biygdom\/sygdomme\/oversigtover-kyndige-biavlere\/\">her<\/a>. Bestilling af syn foretages p\u00e5 det <a href=\"https:\/\/cbr.pdir.dk\/\">Centrale Big\u00e5rdsregister<\/a> (CBR).<\/p>\n<p>Der g\u00e6lder s\u00e6rlige begr\u00e6nsninger for flytning af bier og brugt materiel til L\u00e6s\u00f8, Anholt\u00a0og godkendte parringsomr\u00e5der.<\/p>\n<p>Yderligere lovgivning om flytning af bier kan findes <a href=\"https:\/\/www.retsinformation.dk\/Forms\/R0710.aspx?id=137027\">her<\/a>.<\/p>\n","protected":false},"excerpt":{"rendered":"<p>Bier m\u00e5 ikke flyttes til anden ejendom eller ud over 1 km fra stadets hidtidige placering, uden at der forud for flytningen er foretaget et syn af bifamilien af en uddannet og registreret kyndig biavler. Bifamilien skal ligeledes synes, hvis den s\u00e6lges eller p\u00e5 anden m\u00e5de overdrages til anden person, ogs\u00e5 selvom stadets placering er [&hellip;]<\/p>\n","protected":false},"author":4,"featured_media":0,"parent":123128,"menu_order":1,"comment_status":"closed","ping_status":"closed","template":"","meta":{"_acf_changed":false,"footnotes":""},"class_list":["post-123133","page","type-page","status-publish","hentry"],"acf":[],"aioseo_notices":[],"_links":{"self":[{"href":"https:\/\/www.biavl.dk\/medlemmer\/wp-json\/wp\/v2\/pages\/123133","targetHints":{"allow":["GET"]}}],"collection":[{"href":"https:\/\/www.biavl.dk\/medlemmer\/wp-json\/wp\/v2\/pages"}],"about":[{"href":"https:\/\/www.biavl.dk\/medlemmer\/wp-json\/wp\/v2\/types\/page"}],"author":[{"embeddable":true,"href":"https:\/\/www.biavl.dk\/medlemmer\/wp-json\/wp\/v2\/users\/4"}],"replies":[{"embeddable":true,"href":"https:\/\/www.biavl.dk\/medlemmer\/wp-json\/wp\/v2\/comments?post=123133"}],"version-history":[{"count":6,"href":"https:\/\/www.biavl.dk\/medlemmer\/wp-json\/wp\/v2\/pages\/123133\/revisions"}],"predecessor-version":[{"id":123167,"href":"https:\/\/www.biavl.dk\/medlemmer\/wp-json\/wp\/v2\/pages\/123133\/revisions\/123167"}],"up":[{"embeddable":true,"href":"https:\/\/www.biavl.dk\/medlemmer\/wp-json\/wp\/v2\/pages\/123128"}],"wp:attachment":[{"href":"https:\/\/www.biavl.dk\/medlemmer\/wp-json\/wp\/v2\/media?parent=123133"}],"curies":[{"name":"wp","href":"https:\/\/api.w.org\/{rel}","templated":true}]}}