{"id":132679,"date":"2020-05-04T11:28:51","date_gmt":"2020-05-04T11:28:51","guid":{"rendered":"https:\/\/www.biavl.dk\/medlemmer\/?page_id=132679"},"modified":"2020-05-04T18:53:52","modified_gmt":"2020-05-04T18:53:52","slug":"dagpenge","status":"publish","type":"page","link":"https:\/\/www.biavl.dk\/medlemmer\/videnbank\/oekonomi\/dagpenge\/","title":{"rendered":"BIAVL OG DAGPENGE"},"content":{"rendered":"<p>Biavl betragtes som erhvervsaktivitet. Men det er i henhold til <a href=\"https:\/\/www.retsinformation.dk\/eli\/lta\/2018\/1182\" target=\"_blank\" rel=\"noopener noreferrer\">&#8220;Bekendtg\u00f8relse om selvst\u00e6ndig virksomhed i dagpengesystemet&#8221;<\/a> tilladt at have op til 20 bistader som fritidsbesk\u00e6ftigelse. Derved er man ogs\u00e5 berettiget til dagpenge, samtidig med at man driver sin hobbybiavl. Du skal dog stadig modregne de timer du bruger p\u00e5 biavlen i dagpengene, og man skal selvf\u00f8lgelig st\u00e5 til r\u00e5dighed for arbejdsmarkedet.<\/p>\n<p>Hvis man har biavl med CVR.nr. kan man drive sin erhvervsaktivitet og samtidig f\u00e5 dagpenge op til 30 uger og timerne forbrugt p\u00e5 erhvervsaktiviteten modregnes i dagpengene. Hvis ledighedsperioden overstiger 30 uger, m\u00e5 man lukke aktiviteten, afmelde CVR.nr. eller sandsynligg\u00f8re at man arbejder mindre end 5 timer om m\u00e5neden, for fortsat at kunne opretholde dagpenge.<\/p>\n<p>Hvis du som biavler kommer i en situation, hvor du modtager dagpenge, skal du v\u00e6re opm\u00e6rksom p\u00e5 denne regel, og det anbefales at man kontakter sin A-kasse, s\u00e5 hurtigt som muligt, n\u00e5r man er blevet ledig, for at f\u00e5 den bedste vejledning.<\/p>\n<p>Du vil typisk blive bedt om at beregne dit tidsforbrug i biavlen. Danmarks Biavlerforening har udarbejdet nedenst\u00e5ende regneeksempel, der viser det gennemsnitlige \u00e5rlige timeforbrug pr. bistade. Generelt vurderes det, at den \u00e5rlige tidsforbrug p\u00e5 en bifamilie er omkring 4 timer, men variation kan naturligvis forekomme.<\/p>\n<p><strong><br \/>\nEKSEMPEL P\u00c5 TIMEOPG\u00d8RELSE VED BIHOLD<\/strong><br \/>\nTidsforbruget pr. bifamilie er sat til 4,16 timer pr \u00e5r.<\/p>\n<p><img loading=\"lazy\" decoding=\"async\" class=\"alignnone wp-image-5127 size-full\" src=\"http:\/\/www.biavl.dk\/medlemmer\/wp-content\/uploads\/2016\/05\/Timeopg\u00f8relse.jpg\" alt=\"Timeopg\u00f8relse\" width=\"977\" height=\"594\" srcset=\"https:\/\/www.biavl.dk\/medlemmer\/wp-content\/uploads\/2016\/05\/Timeopg\u00f8relse.jpg 977w, https:\/\/www.biavl.dk\/medlemmer\/wp-content\/uploads\/2016\/05\/Timeopg\u00f8relse-300x182.jpg 300w, https:\/\/www.biavl.dk\/medlemmer\/wp-content\/uploads\/2016\/05\/Timeopg\u00f8relse-768x467.jpg 768w\" sizes=\"auto, (max-width: 977px) 100vw, 977px\" \/><\/p>\n<p>* Beregning af k\u00f8rselstid: Bistaderne er placeret i 6 forskellige big\u00e5rde. En big\u00e5rd er p\u00e5 hjemadressen. De \u00f8vrige 5 er placeret i lokalomr\u00e5det. Der er beregnet 15 min k\u00f8rsel fra hjem til big\u00e5rd 1 og derefter 15 min. k\u00f8rsel mellem de enkelte big\u00e5rde og til slut 15 min. k\u00f8rsel tilbage til hjemadressen. Det betyder 6 x 15 min.: ialt 90 min. k\u00f8rselstid pr. &#8220;runde&#8221;.<\/p>\n<p><img loading=\"lazy\" decoding=\"async\" class=\"alignnone wp-image-5128 size-full\" src=\"http:\/\/www.biavl.dk\/medlemmer\/wp-content\/uploads\/2016\/05\/TABEL2-1.jpg\" alt=\"TABEL2\" width=\"978\" height=\"289\" srcset=\"https:\/\/www.biavl.dk\/medlemmer\/wp-content\/uploads\/2016\/05\/TABEL2-1.jpg 978w, https:\/\/www.biavl.dk\/medlemmer\/wp-content\/uploads\/2016\/05\/TABEL2-1-300x89.jpg 300w, https:\/\/www.biavl.dk\/medlemmer\/wp-content\/uploads\/2016\/05\/TABEL2-1-768x227.jpg 768w\" sizes=\"auto, (max-width: 978px) 100vw, 978px\" \/><\/p>\n<p>Tidsforbrug pr. bistade pr. \u00e5r i timer<\/p>\n<p><img loading=\"lazy\" decoding=\"async\" class=\"alignnone wp-image-5129 size-full\" src=\"http:\/\/www.biavl.dk\/medlemmer\/wp-content\/uploads\/2016\/05\/TABEL3.jpg\" alt=\"TABEL3\" width=\"799\" height=\"116\" srcset=\"https:\/\/www.biavl.dk\/medlemmer\/wp-content\/uploads\/2016\/05\/TABEL3.jpg 799w, https:\/\/www.biavl.dk\/medlemmer\/wp-content\/uploads\/2016\/05\/TABEL3-300x44.jpg 300w, https:\/\/www.biavl.dk\/medlemmer\/wp-content\/uploads\/2016\/05\/TABEL3-768x111.jpg 768w\" sizes=\"auto, (max-width: 799px) 100vw, 799px\" \/><\/p>\n","protected":false},"excerpt":{"rendered":"<p>Biavl betragtes som erhvervsaktivitet. Men det er i henhold til &#8220;Bekendtg\u00f8relse om selvst\u00e6ndig virksomhed i dagpengesystemet&#8221; tilladt at have op til 20 bistader som fritidsbesk\u00e6ftigelse. Derved er man ogs\u00e5 berettiget til dagpenge, samtidig med at man driver sin hobbybiavl. Du skal dog stadig modregne de timer du bruger p\u00e5 biavlen i dagpengene, og man skal [&hellip;]<\/p>\n","protected":false},"author":4,"featured_media":0,"parent":132676,"menu_order":3,"comment_status":"closed","ping_status":"closed","template":"","meta":{"_acf_changed":false,"footnotes":""},"class_list":["post-132679","page","type-page","status-publish","hentry"],"acf":[],"aioseo_notices":[],"_links":{"self":[{"href":"https:\/\/www.biavl.dk\/medlemmer\/wp-json\/wp\/v2\/pages\/132679","targetHints":{"allow":["GET"]}}],"collection":[{"href":"https:\/\/www.biavl.dk\/medlemmer\/wp-json\/wp\/v2\/pages"}],"about":[{"href":"https:\/\/www.biavl.dk\/medlemmer\/wp-json\/wp\/v2\/types\/page"}],"author":[{"embeddable":true,"href":"https:\/\/www.biavl.dk\/medlemmer\/wp-json\/wp\/v2\/users\/4"}],"replies":[{"embeddable":true,"href":"https:\/\/www.biavl.dk\/medlemmer\/wp-json\/wp\/v2\/comments?post=132679"}],"version-history":[{"count":7,"href":"https:\/\/www.biavl.dk\/medlemmer\/wp-json\/wp\/v2\/pages\/132679\/revisions"}],"predecessor-version":[{"id":132693,"href":"https:\/\/www.biavl.dk\/medlemmer\/wp-json\/wp\/v2\/pages\/132679\/revisions\/132693"}],"up":[{"embeddable":true,"href":"https:\/\/www.biavl.dk\/medlemmer\/wp-json\/wp\/v2\/pages\/132676"}],"wp:attachment":[{"href":"https:\/\/www.biavl.dk\/medlemmer\/wp-json\/wp\/v2\/media?parent=132679"}],"curies":[{"name":"wp","href":"https:\/\/api.w.org\/{rel}","templated":true}]}}