{"id":169366,"date":"2021-06-10T12:32:23","date_gmt":"2021-06-10T12:32:23","guid":{"rendered":"https:\/\/www.biavl.dk\/medlemmer\/?page_id=169366"},"modified":"2021-06-10T12:35:15","modified_gmt":"2021-06-10T12:35:15","slug":"bliv-en-bedre-biavler-bliv-testvaert","status":"publish","type":"page","link":"https:\/\/www.biavl.dk\/medlemmer\/videnbank\/dronningeavl\/bliv-en-bedre-biavler-bliv-testvaert\/","title":{"rendered":"BLIV EN BEDRE BIAVLER \u2013 bliv testv\u00e6rt"},"content":{"rendered":"<p>At v\u00e6re testbig\u00e5rdsv\u00e6rt kr\u00e6ver:<br \/>\n\u2022 Du har v\u00e6ret biavler i en \u00e5rr\u00e6kke, gerne kyndig biavler og du har en veldrevet biavl.<br \/>\n\u2022 Du skal kunne huse op til 14 dronninger i \u00e9n big\u00e5rd.<br \/>\n\u2022 Du skal kunne modtage disse dronninger i midten af juli.<br \/>\n\u2022 Du skal kunne s\u00e6tte disse dronninger ind i nye sm\u00e5familier. Det vil sige at det kr\u00e6ver en del materiel.<br \/>\n\u2022 Du skal anvende det elektroniske stadekort p\u00e5 www. stadekort.dk<\/p>\n<p>I l\u00f8bet af s\u00e6sonen skal du:<br \/>\n\u2022 I april udtage en nosemapr\u00f8ve.<br \/>\n\u2022 I maj lave en frysetest.<br \/>\n\u2022 I l\u00f8bet af s\u00e6sonen bed\u00f8mme dine bifamilier mindst fem gange p\u00e5 karaktererne sv\u00e6rmtendens, temperament, tavlefasthed, samt lave en vurdering af \u00e5rets honningh\u00f8st.<br \/>\n\u2022 Du skal udtage en bipr\u00f8ve til midet\u00e6lling.<\/p>\n<p>Det lyder m\u00e5ske voldsomt, men du bliver en del af vores hold, hvor vi holder online m\u00f8de og kommer p\u00e5 bes\u00f8g for at r\u00e5dgive dig. Du skal drive din biavl, som du plejer at g\u00f8re, men alle testbifamilierne skal behandles p\u00e5 samme m\u00e5de. N\u00e5r s\u00e6sonen er ovre, vil vi udtr\u00e6kke dine bed\u00f8mmelser og lave en samlet opg\u00f8relse. Herefter kan du g\u00f8re med de testede dronninger, som du \u00f8nsker. F.eks. lade dem forts\u00e6tte en s\u00e6son mere.<br \/>\nHar ovenst\u00e5ende din interesse, s\u00e5 kontakt fv@biavl.dk. S\u00e5 tager vi en snak, hvorefter du kan blive skrevet p\u00e5 vores testbig\u00e5rdsv\u00e6rtliste. Du vil s\u00e5, s\u00e5 snart der er en v\u00e6rtsplads ledig, blive kontaktet af os<\/p>\n","protected":false},"excerpt":{"rendered":"<p>At v\u00e6re testbig\u00e5rdsv\u00e6rt kr\u00e6ver: \u2022 Du har v\u00e6ret biavler i en \u00e5rr\u00e6kke, gerne kyndig biavler og du har en veldrevet biavl. \u2022 Du skal kunne huse op til 14 dronninger i \u00e9n big\u00e5rd. \u2022 Du skal kunne modtage disse dronninger i midten af juli. \u2022 Du skal kunne s\u00e6tte disse dronninger ind i nye sm\u00e5familier. [&hellip;]<\/p>\n","protected":false},"author":6,"featured_media":0,"parent":5040,"menu_order":0,"comment_status":"closed","ping_status":"closed","template":"","meta":{"_acf_changed":false,"footnotes":""},"class_list":["post-169366","page","type-page","status-publish","hentry"],"acf":[],"aioseo_notices":[],"_links":{"self":[{"href":"https:\/\/www.biavl.dk\/medlemmer\/wp-json\/wp\/v2\/pages\/169366","targetHints":{"allow":["GET"]}}],"collection":[{"href":"https:\/\/www.biavl.dk\/medlemmer\/wp-json\/wp\/v2\/pages"}],"about":[{"href":"https:\/\/www.biavl.dk\/medlemmer\/wp-json\/wp\/v2\/types\/page"}],"author":[{"embeddable":true,"href":"https:\/\/www.biavl.dk\/medlemmer\/wp-json\/wp\/v2\/users\/6"}],"replies":[{"embeddable":true,"href":"https:\/\/www.biavl.dk\/medlemmer\/wp-json\/wp\/v2\/comments?post=169366"}],"version-history":[{"count":4,"href":"https:\/\/www.biavl.dk\/medlemmer\/wp-json\/wp\/v2\/pages\/169366\/revisions"}],"predecessor-version":[{"id":169371,"href":"https:\/\/www.biavl.dk\/medlemmer\/wp-json\/wp\/v2\/pages\/169366\/revisions\/169371"}],"up":[{"embeddable":true,"href":"https:\/\/www.biavl.dk\/medlemmer\/wp-json\/wp\/v2\/pages\/5040"}],"wp:attachment":[{"href":"https:\/\/www.biavl.dk\/medlemmer\/wp-json\/wp\/v2\/media?parent=169366"}],"curies":[{"name":"wp","href":"https:\/\/api.w.org\/{rel}","templated":true}]}}