{"id":259432,"date":"2024-02-15T12:23:23","date_gmt":"2024-02-15T12:23:23","guid":{"rendered":"https:\/\/www.biavl.dk\/medlemmer\/?page_id=259432"},"modified":"2024-02-16T21:50:52","modified_gmt":"2024-02-16T21:50:52","slug":"den-vanskelige-vaege","status":"publish","type":"page","link":"https:\/\/www.biavl.dk\/medlemmer\/videnbank\/bivokslys\/den-vanskelige-vaege\/","title":{"rendered":"DEN VANSKELIGE V\u00c6GE"},"content":{"rendered":"<p><strong>FORBR\u00c6NDINGEN<\/strong><\/p>\n<p>Et lys er simpelt, da det blot best\u00e5r af br\u00e6ndbar voks og en v\u00e6ge. V\u00e6gens opgave er at transportere den flydende voks til flammen. Varmen fra flammen smelter hele tiden voks, som via v\u00e6gen transporteres op til flammen. Er der ikke balance mellem den hastighed, hvormed voksen smelter, transporteres og afbr\u00e6ndes, fungerer lyset ikke tilfredsstillende. Som regel best\u00e5r en v\u00e6ge af flettede bomuldstr\u00e5de. Den flydende voks transporteres til flammen, hvor den g\u00e5r p\u00e5 gasform og afbr\u00e6ndes. I midten af lyset, hvor afbr\u00e6ndingen af v\u00e6gens fine sodpartikler sker, n\u00e5r temperaturen op p\u00e5 1200 grader. I spidsen af flammen kan temperaturen komme op p\u00e5 1400 grader.<\/p>\n<p>&nbsp;<\/p>\n<p><strong>V\u00c6GENS UDFORDRINGER<\/strong><\/p>\n<p>Et vokslys er ikke meget v\u00e6rd, hvis ikke det har den rigtige v\u00e6ge. Hvis voksen har mulighed for at smelte regelm\u00e6ssigt og helt ud til randen af lyset, giver det den bedste forbr\u00e6nding. V\u00e6gen m\u00e5 ikke sode ved afbr\u00e6ndingen, og m\u00e5 hverken v\u00e6re for stor eller for lille. Forkert v\u00e6gest\u00f8rrelse er hoved\u00e5rsagen til, at et lys ikke br\u00e6nder tilfredsstillende. Heldigvis findes der en norm for v\u00e6gest\u00f8rrelser, der g\u00f8r det nemt at k\u00f8be den rigtige st\u00f8rrelse, ogs\u00e5 i udlandet.<\/p>\n<p>N\u00e5r du skal lave dine vokslys, er det en god id\u00e9 f\u00f8rst at eksperimentere med at finde den rette v\u00e6gest\u00f8rrelse til netop dit lys. Du skal have styr p\u00e5, hvilket fabrikat, der passer bedst til dit behov (v\u00e6ger af forskelligt fabrikat br\u00e6nder forskelligt), og finde en v\u00e6ge af en god kvalitet (kvaliteten afh\u00e6nger bl.a. af, hvordan v\u00e6gen er fremstillet). N\u00e5r du har fundet den rette st\u00f8rrelse, s\u00e5 k\u00f8b rigeligt, s\u00e5 du ikke skal t\u00e6nke over det n\u00e6ste gang.<\/p>\n<p>&nbsp;<\/p>\n<p><strong>V\u00c6GENS TYPE OG KVALITET<\/strong><\/p>\n<p>Der findes to typer af v\u00e6ger, nemlig fladv\u00e6ger og rundv\u00e6ger. Til bivokslys er det vigtigt at bruge de flettede rundv\u00e6ger, og som kan bruges til b\u00e5de rullede og st\u00f8bte lys.<\/p>\n<p>V\u00e6gen er flettet p\u00e5 en m\u00e5de, hvor den danner et V. V\u00e6gen s\u00e6ttes, s\u00e5 V\u2019et vender med spidsen nedad p\u00e5 det f\u00e6rdige lys. Om det reelt har en betydning, hvilken vej v\u00e6gen vender, er usikkert, men da det st\u00e5r n\u00e6vnt flere steder i litteraturen, m\u00e5 vi hellere g\u00f8re det, hvor vi kan &#8211; bare for en sikkerheds skyld!<\/p>\n<p>Kvaliteten af en v\u00e6ge bestemmer v\u00e6gens krumning og dermed forbr\u00e6ndingen og st\u00f8rrelsen af flammen. Spidsen af v\u00e6gen skal b\u00f8je sig lidt og bev\u00e6ge sig til kanten af flammen, for dermed at blive fodret optimalt med ilt og br\u00e6nde helt v\u00e6k. Hvis v\u00e6gen blot befinder sig i midten af flammen, sker der en ufuldst\u00e6ndig forbr\u00e6nding, og der dannes sod.<\/p>\n<div id=\"attachment_259549\" style=\"width: 376px\" class=\"wp-caption aligncenter\"><a href=\"https:\/\/www.biavl.dk\/medlemmer\/wp-content\/uploads\/2024\/02\/Daarlig-forbraending.jpg\"><img loading=\"lazy\" decoding=\"async\" aria-describedby=\"caption-attachment-259549\" class=\"wp-image-259549 size-full\" src=\"https:\/\/www.biavl.dk\/medlemmer\/wp-content\/uploads\/2024\/02\/Daarlig-forbraending.jpg\" alt=\"\" width=\"366\" height=\"482\" srcset=\"https:\/\/www.biavl.dk\/medlemmer\/wp-content\/uploads\/2024\/02\/Daarlig-forbraending.jpg 366w, https:\/\/www.biavl.dk\/medlemmer\/wp-content\/uploads\/2024\/02\/Daarlig-forbraending-228x300.jpg 228w\" sizes=\"auto, (max-width: 366px) 100vw, 366px\" \/><\/a><p id=\"caption-attachment-259549\" class=\"wp-caption-text\">V\u00e6gest\u00f8rrelsen er ikke i harmoni med vokslysets tykkelse, hvilket giver en d\u00e5rlig forbr\u00e6nding.<\/p><\/div>\n<p>&nbsp;<\/p>\n<p><strong>V\u00c6GENS ST\u00d8RRELSE<\/strong><\/p>\n<p>En <em><strong>for lille v\u00e6ge<\/strong><\/em> er ikke i stand til at optage alt det smeltede voks og transportere det til flammen. Resultatet er, at lyset kommer til at l\u00f8be. Er vokslyset for tykt i forhold til v\u00e6gen, smelter al voksen ikke, og der dannes en voksp\u00f8l, hvori lyset drukner. Der skal v\u00e6lges en st\u00f8rre v\u00e6ge.<\/p>\n<p>En <strong><em>for tyk v\u00e6ge<\/em><\/strong> resulterer i, at der ikke er nok voks til forbr\u00e6ndingen, og dermed begynder lyset at sode. Der skal v\u00e6lges en mindre v\u00e6ge.<\/p>\n<p>I tabellen ses anbefalinger til v\u00e6gest\u00f8rrelser til st\u00f8bte lys.<\/p>\n<div id=\"attachment_259546\" style=\"width: 390px\" class=\"wp-caption aligncenter\"><a href=\"https:\/\/www.biavl.dk\/medlemmer\/wp-content\/uploads\/2024\/02\/Vaegestoerrelse.jpg\"><img loading=\"lazy\" decoding=\"async\" aria-describedby=\"caption-attachment-259546\" class=\"wp-image-259546 size-full\" src=\"https:\/\/www.biavl.dk\/medlemmer\/wp-content\/uploads\/2024\/02\/Vaegestoerrelse.jpg\" alt=\"\" width=\"380\" height=\"295\" srcset=\"https:\/\/www.biavl.dk\/medlemmer\/wp-content\/uploads\/2024\/02\/Vaegestoerrelse.jpg 380w, https:\/\/www.biavl.dk\/medlemmer\/wp-content\/uploads\/2024\/02\/Vaegestoerrelse-300x233.jpg 300w\" sizes=\"auto, (max-width: 380px) 100vw, 380px\" \/><\/a><p id=\"caption-attachment-259546\" class=\"wp-caption-text\">V\u00e6gest\u00f8rrelse i forhold til lysets diameter.<\/p><\/div>\n<p>&nbsp;<\/p>\n","protected":false},"excerpt":{"rendered":"<p>FORBR\u00c6NDINGEN Et lys er simpelt, da det blot best\u00e5r af br\u00e6ndbar voks og en v\u00e6ge. V\u00e6gens opgave er at transportere den flydende voks til flammen. Varmen fra flammen smelter hele tiden voks, som via v\u00e6gen transporteres op til flammen. Er der ikke balance mellem den hastighed, hvormed voksen smelter, transporteres og afbr\u00e6ndes, fungerer lyset ikke [&hellip;]<\/p>\n","protected":false},"author":4,"featured_media":0,"parent":259406,"menu_order":20,"comment_status":"closed","ping_status":"closed","template":"","meta":{"_acf_changed":false,"footnotes":""},"class_list":["post-259432","page","type-page","status-publish","hentry"],"acf":[],"aioseo_notices":[],"_links":{"self":[{"href":"https:\/\/www.biavl.dk\/medlemmer\/wp-json\/wp\/v2\/pages\/259432","targetHints":{"allow":["GET"]}}],"collection":[{"href":"https:\/\/www.biavl.dk\/medlemmer\/wp-json\/wp\/v2\/pages"}],"about":[{"href":"https:\/\/www.biavl.dk\/medlemmer\/wp-json\/wp\/v2\/types\/page"}],"author":[{"embeddable":true,"href":"https:\/\/www.biavl.dk\/medlemmer\/wp-json\/wp\/v2\/users\/4"}],"replies":[{"embeddable":true,"href":"https:\/\/www.biavl.dk\/medlemmer\/wp-json\/wp\/v2\/comments?post=259432"}],"version-history":[{"count":9,"href":"https:\/\/www.biavl.dk\/medlemmer\/wp-json\/wp\/v2\/pages\/259432\/revisions"}],"predecessor-version":[{"id":259595,"href":"https:\/\/www.biavl.dk\/medlemmer\/wp-json\/wp\/v2\/pages\/259432\/revisions\/259595"}],"up":[{"embeddable":true,"href":"https:\/\/www.biavl.dk\/medlemmer\/wp-json\/wp\/v2\/pages\/259406"}],"wp:attachment":[{"href":"https:\/\/www.biavl.dk\/medlemmer\/wp-json\/wp\/v2\/media?parent=259432"}],"curies":[{"name":"wp","href":"https:\/\/api.w.org\/{rel}","templated":true}]}}