{"id":272,"date":"2016-02-26T13:50:18","date_gmt":"2016-02-26T13:50:18","guid":{"rendered":"http:\/\/vonbulow.org\/medlemmer\/?page_id=272"},"modified":"2018-10-17T07:11:12","modified_gmt":"2018-10-17T07:11:12","slug":"langelandsk-solbaertoddy","status":"publish","type":"page","link":"https:\/\/www.biavl.dk\/medlemmer\/videnbank\/opskrifter\/drikke\/langelandsk-solbaertoddy\/","title":{"rendered":"LANGELANDSK SOLB\u00c6RTODDY"},"content":{"rendered":"<ul>\n<li>Bland det hele sammen i et glas og drik det s\u00e5 varmt som muligt.<\/li>\n<li>Husk at h\u00e6lde saft i glasset f\u00f8rst, derved undg\u00e5s spr\u00e6ngning af tykbundede glas.Marianne Svenningsen<\/li>\n<\/ul>\n","protected":false},"excerpt":{"rendered":"<p>Bland det hele sammen i et glas og drik det s\u00e5 varmt som muligt. Husk at h\u00e6lde saft i glasset f\u00f8rst, derved undg\u00e5s spr\u00e6ngning af tykbundede glas.Marianne Svenningsen<\/p>\n","protected":false},"author":1,"featured_media":0,"parent":243,"menu_order":7,"comment_status":"closed","ping_status":"closed","template":"page-opskriften.php","meta":{"_acf_changed":false,"footnotes":""},"class_list":["post-272","page","type-page","status-publish","hentry"],"acf":[],"aioseo_notices":[],"_links":{"self":[{"href":"https:\/\/www.biavl.dk\/medlemmer\/wp-json\/wp\/v2\/pages\/272","targetHints":{"allow":["GET"]}}],"collection":[{"href":"https:\/\/www.biavl.dk\/medlemmer\/wp-json\/wp\/v2\/pages"}],"about":[{"href":"https:\/\/www.biavl.dk\/medlemmer\/wp-json\/wp\/v2\/types\/page"}],"author":[{"embeddable":true,"href":"https:\/\/www.biavl.dk\/medlemmer\/wp-json\/wp\/v2\/users\/1"}],"replies":[{"embeddable":true,"href":"https:\/\/www.biavl.dk\/medlemmer\/wp-json\/wp\/v2\/comments?post=272"}],"version-history":[{"count":2,"href":"https:\/\/www.biavl.dk\/medlemmer\/wp-json\/wp\/v2\/pages\/272\/revisions"}],"predecessor-version":[{"id":80135,"href":"https:\/\/www.biavl.dk\/medlemmer\/wp-json\/wp\/v2\/pages\/272\/revisions\/80135"}],"up":[{"embeddable":true,"href":"https:\/\/www.biavl.dk\/medlemmer\/wp-json\/wp\/v2\/pages\/243"}],"wp:attachment":[{"href":"https:\/\/www.biavl.dk\/medlemmer\/wp-json\/wp\/v2\/media?parent=272"}],"curies":[{"name":"wp","href":"https:\/\/api.w.org\/{rel}","templated":true}]}}