{"id":2771,"date":"2016-03-30T08:30:33","date_gmt":"2016-03-30T08:30:33","guid":{"rendered":"http:\/\/vonbulow.org\/medlemmer\/?page_id=2771"},"modified":"2025-01-15T09:06:00","modified_gmt":"2025-01-15T09:06:00","slug":"bishoppen","status":"publish","type":"page","link":"https:\/\/www.biavl.dk\/medlemmer\/bishoppen\/","title":{"rendered":"BISHOPPEN"},"content":{"rendered":"<p>I Danmarks Biavlerforenings netbutik <a href=\"https:\/\/www.bishoppen.dk\">www.bishoppen.dk<\/a> kan du blandt andet finde b\u00f8ger om biavl, ligesom det er muligt at bestille etiketter og markedsf\u00f8ringsmaterialer. Bishoppen er ogs\u00e5 stedet, hvor du kan tilmelde dig Danmarks Biavlerforenings medlemsarrangementer.<\/p>\n<p>Vi har mere end 100 forskellige varer i bishoppen, og det er naturligvis ogs\u00e5 muligt at tegne medlemskab af Danmarks Biavlerforening.<\/p>\n","protected":false},"excerpt":{"rendered":"<p>I Danmarks Biavlerforenings netbutik www.bishoppen.dk kan du blandt andet finde b\u00f8ger om biavl, ligesom det er muligt at bestille etiketter og markedsf\u00f8ringsmaterialer. Bishoppen er ogs\u00e5 stedet, hvor du kan tilmelde dig Danmarks Biavlerforenings medlemsarrangementer. Vi har mere end 100 forskellige varer i bishoppen, og det er naturligvis ogs\u00e5 muligt at tegne medlemskab af Danmarks Biavlerforening.<\/p>\n","protected":false},"author":1,"featured_media":0,"parent":0,"menu_order":30,"comment_status":"closed","ping_status":"closed","template":"","meta":{"_acf_changed":false,"footnotes":""},"class_list":["post-2771","page","type-page","status-publish","hentry"],"acf":[],"aioseo_notices":[],"_links":{"self":[{"href":"https:\/\/www.biavl.dk\/medlemmer\/wp-json\/wp\/v2\/pages\/2771","targetHints":{"allow":["GET"]}}],"collection":[{"href":"https:\/\/www.biavl.dk\/medlemmer\/wp-json\/wp\/v2\/pages"}],"about":[{"href":"https:\/\/www.biavl.dk\/medlemmer\/wp-json\/wp\/v2\/types\/page"}],"author":[{"embeddable":true,"href":"https:\/\/www.biavl.dk\/medlemmer\/wp-json\/wp\/v2\/users\/1"}],"replies":[{"embeddable":true,"href":"https:\/\/www.biavl.dk\/medlemmer\/wp-json\/wp\/v2\/comments?post=2771"}],"version-history":[{"count":16,"href":"https:\/\/www.biavl.dk\/medlemmer\/wp-json\/wp\/v2\/pages\/2771\/revisions"}],"predecessor-version":[{"id":291685,"href":"https:\/\/www.biavl.dk\/medlemmer\/wp-json\/wp\/v2\/pages\/2771\/revisions\/291685"}],"wp:attachment":[{"href":"https:\/\/www.biavl.dk\/medlemmer\/wp-json\/wp\/v2\/media?parent=2771"}],"curies":[{"name":"wp","href":"https:\/\/api.w.org\/{rel}","templated":true}]}}