{"id":4941,"date":"2016-05-17T08:57:55","date_gmt":"2016-05-17T08:57:55","guid":{"rendered":"http:\/\/vonbulow.org\/medlemmer\/?page_id=4941"},"modified":"2023-10-13T09:12:23","modified_gmt":"2023-10-13T09:12:23","slug":"biplanter-2-2","status":"publish","type":"page","link":"https:\/\/www.biavl.dk\/medlemmer\/videnbank\/biplanter-2\/biplanter-2-2\/","title":{"rendered":"BIPLANTER"},"content":{"rendered":"<p>Den nye biplantekalender indeholder en opdateret tabel over biplanter og deres pollen- og nektarv\u00e6rdi. Der er et afsnit om<br \/>\nbiblomster, og om hvordan man kan tilgodese forskellige slags bier gennem deres aktive s\u00e6son.<br \/>\nL\u00e6s mere p\u00e5 <a href=\"https:\/\/biplanter.dk\/misc\/welcome\" target=\"_blank\" rel=\"noopener\">www.biplanter.dk<\/a><\/p>\n<p>&nbsp;<\/p>\n<p>Download <a href=\"https:\/\/www.biavl.dk\/medlemmer\/wp-content\/uploads\/2023\/05\/Biplantekalenderen_Indstik-TfB2_2023.pdf\" target=\"_blank\" rel=\"noopener\">Biplantekalenderen 2023<\/a>.<\/p>\n<p>&nbsp;<\/p>\n<p>Link til\u00a0<a href=\"http:\/\/www.froebutikken.dk\/\">fr\u00f8butik med biplanter.<\/a><\/p>\n<p>&nbsp;<\/p>\n","protected":false},"excerpt":{"rendered":"<p>Den nye biplantekalender indeholder en opdateret tabel over biplanter og deres pollen- og nektarv\u00e6rdi. Der er et afsnit om biblomster, og om hvordan man kan tilgodese forskellige slags bier gennem deres aktive s\u00e6son. L\u00e6s mere p\u00e5 www.biplanter.dk &nbsp; Download Biplantekalenderen 2023. &nbsp; Link til\u00a0fr\u00f8butik med biplanter. &nbsp;<\/p>\n","protected":false},"author":1,"featured_media":0,"parent":4934,"menu_order":2,"comment_status":"closed","ping_status":"closed","template":"","meta":{"_acf_changed":false,"footnotes":""},"class_list":["post-4941","page","type-page","status-publish","hentry"],"acf":[],"aioseo_notices":[],"_links":{"self":[{"href":"https:\/\/www.biavl.dk\/medlemmer\/wp-json\/wp\/v2\/pages\/4941","targetHints":{"allow":["GET"]}}],"collection":[{"href":"https:\/\/www.biavl.dk\/medlemmer\/wp-json\/wp\/v2\/pages"}],"about":[{"href":"https:\/\/www.biavl.dk\/medlemmer\/wp-json\/wp\/v2\/types\/page"}],"author":[{"embeddable":true,"href":"https:\/\/www.biavl.dk\/medlemmer\/wp-json\/wp\/v2\/users\/1"}],"replies":[{"embeddable":true,"href":"https:\/\/www.biavl.dk\/medlemmer\/wp-json\/wp\/v2\/comments?post=4941"}],"version-history":[{"count":8,"href":"https:\/\/www.biavl.dk\/medlemmer\/wp-json\/wp\/v2\/pages\/4941\/revisions"}],"predecessor-version":[{"id":248159,"href":"https:\/\/www.biavl.dk\/medlemmer\/wp-json\/wp\/v2\/pages\/4941\/revisions\/248159"}],"up":[{"embeddable":true,"href":"https:\/\/www.biavl.dk\/medlemmer\/wp-json\/wp\/v2\/pages\/4934"}],"wp:attachment":[{"href":"https:\/\/www.biavl.dk\/medlemmer\/wp-json\/wp\/v2\/media?parent=4941"}],"curies":[{"name":"wp","href":"https:\/\/api.w.org\/{rel}","templated":true}]}}