{"id":5024,"date":"2016-05-17T10:34:32","date_gmt":"2016-05-17T10:34:32","guid":{"rendered":"http:\/\/vonbulow.org\/medlemmer\/?page_id=5024"},"modified":"2019-08-15T09:47:27","modified_gmt":"2019-08-15T09:47:27","slug":"bisvaermen","status":"publish","type":"page","link":"https:\/\/www.biavl.dk\/medlemmer\/videnbank\/bisvaerm\/bisvaermen\/","title":{"rendered":"BISV\u00c6RMEN"},"content":{"rendered":"<p>Sv\u00e6rmning er biernes m\u00e5de at formere sig p\u00e5 under naturlige forhold. I moderne biavl er sv\u00e6rmning en u\u00f8nsket egenskab, da en bifamilie, som g\u00e5r i sv\u00e6rmtilstand og sv\u00e6rmer, stopper med at indsamle nektar. Den tilbageblevne bifamilie er sv\u00e6kket, og vil normalt ikke producere honning af betydning resten af den s\u00e6son.<\/p>\n<p>Moderne avl og biavlerens indgreb i bifamilien g\u00f8r, at sv\u00e6rmning kan kontrolleres og hindres af biavlerne. Alligevel er der \u00e5rligt mange sv\u00e6rme.<\/p>\n<p>Under naturlige forhold vil en sv\u00e6rm forlade bistadet og finde et nyt bo. Sv\u00e6rmens st\u00f8rrelse vil svare til ca. halvdelen af antallet af bier, som befinder sig i bistadet. Det er den gamle dronning, der f\u00f8lger sv\u00e6rmen, mens en ny uparret dronning bliver tilbage i bistadet.<\/p>\n<p><img loading=\"lazy\" decoding=\"async\" width=\"300\" height=\"224\" class=\"alignnone size-medium wp-image-109522\" src=\"https:\/\/www.biavl.dk\/medlemmer\/wp-content\/uploads\/2019\/08\/Biernes-eget-kunstv\u00e6rk_Anne-Dam-Kusk-300x224.jpg\" alt=\"\" srcset=\"https:\/\/www.biavl.dk\/medlemmer\/wp-content\/uploads\/2019\/08\/Biernes-eget-kunstv\u00e6rk_Anne-Dam-Kusk-300x224.jpg 300w, https:\/\/www.biavl.dk\/medlemmer\/wp-content\/uploads\/2019\/08\/Biernes-eget-kunstv\u00e6rk_Anne-Dam-Kusk-768x575.jpg 768w, https:\/\/www.biavl.dk\/medlemmer\/wp-content\/uploads\/2019\/08\/Biernes-eget-kunstv\u00e6rk_Anne-Dam-Kusk-1024x766.jpg 1024w\" sizes=\"auto, (max-width: 300px) 100vw, 300px\" \/><\/p>\n<p><em> Bisv\u00e6rmen har sl\u00e5et sig ned i et tr\u00e6. Foto Anne Dam Kusk<\/em><\/p>\n<p>&nbsp;<\/p>\n<p>Sv\u00e6rmen vil under normale forhold\u00a0s\u00e6tte sig p\u00e5 et udh\u00e6ng i kort afstand fra dens oprindelige bo. Her vil den sidde lige fra nogle timer til flere dage, mens sv\u00e6rmens spejderbier afs\u00f8ger det n\u00e6rmeste omr\u00e5de for passende steder. Rekrutteringen af spejderbier finder sted p\u00e5 overfladen af sv\u00e6rmen. F\u00f8rst n\u00e5r der er en generel enighed blandt spejderbierne for det nye sted, vil sv\u00e6rmen flyve til det nye hjem. Flere faktorer p\u00e5virker valget af det nye hjem, s\u00e5som volumen, det nye bo, h\u00f8jden over jorden, om det er et t\u00f8rt eller fugtigt sted og endda, hvilken placering og retning flyve\u00e5bningen har.<\/p>\n<p>Biavlere vil oftest v\u00e6re villige til at hente en bisv\u00e6rm. Is\u00e6r hvis sv\u00e6rmen lige har sat sig i f.eks. et tr\u00e6. S\u00e5 er den forholdsvis nem at tage med. Er der derimod tale om etablerede bisv\u00e6rme, som har siddet i l\u00e6ngere tid eller som sidder i murv\u00e6rk, under udh\u00e6ng osv., kan det for biavleren v\u00e6re yderst vanskeligt at komme til sv\u00e6rmen, og der vil v\u00e6re tale om st\u00f8rre indgreb.<\/p>\n<p><img loading=\"lazy\" decoding=\"async\" width=\"225\" height=\"300\" class=\"alignnone size-medium wp-image-109523\" src=\"https:\/\/www.biavl.dk\/medlemmer\/wp-content\/uploads\/2019\/08\/Indfangning-af-sv\u00e6rm_Steen-Knudsen-225x300.jpg\" alt=\"\" srcset=\"https:\/\/www.biavl.dk\/medlemmer\/wp-content\/uploads\/2019\/08\/Indfangning-af-sv\u00e6rm_Steen-Knudsen-225x300.jpg 225w, https:\/\/www.biavl.dk\/medlemmer\/wp-content\/uploads\/2019\/08\/Indfangning-af-sv\u00e6rm_Steen-Knudsen-768x1024.jpg 768w\" sizes=\"auto, (max-width: 225px) 100vw, 225px\" \/><\/p>\n<p><em>Biavlere indfanger en bisv\u00e6rm. Foto Steen Knudsen.<\/em><\/p>\n","protected":false},"excerpt":{"rendered":"<p>Sv\u00e6rmning er biernes m\u00e5de at formere sig p\u00e5 under naturlige forhold. I moderne biavl er sv\u00e6rmning en u\u00f8nsket egenskab, da en bifamilie, som g\u00e5r i sv\u00e6rmtilstand og sv\u00e6rmer, stopper med at indsamle nektar. Den tilbageblevne bifamilie er sv\u00e6kket, og vil normalt ikke producere honning af betydning resten af den s\u00e6son. Moderne avl og biavlerens indgreb [&hellip;]<\/p>\n","protected":false},"author":1,"featured_media":0,"parent":5020,"menu_order":3,"comment_status":"closed","ping_status":"closed","template":"","meta":{"_acf_changed":false,"footnotes":""},"class_list":["post-5024","page","type-page","status-publish","hentry"],"acf":[],"aioseo_notices":[],"_links":{"self":[{"href":"https:\/\/www.biavl.dk\/medlemmer\/wp-json\/wp\/v2\/pages\/5024","targetHints":{"allow":["GET"]}}],"collection":[{"href":"https:\/\/www.biavl.dk\/medlemmer\/wp-json\/wp\/v2\/pages"}],"about":[{"href":"https:\/\/www.biavl.dk\/medlemmer\/wp-json\/wp\/v2\/types\/page"}],"author":[{"embeddable":true,"href":"https:\/\/www.biavl.dk\/medlemmer\/wp-json\/wp\/v2\/users\/1"}],"replies":[{"embeddable":true,"href":"https:\/\/www.biavl.dk\/medlemmer\/wp-json\/wp\/v2\/comments?post=5024"}],"version-history":[{"count":4,"href":"https:\/\/www.biavl.dk\/medlemmer\/wp-json\/wp\/v2\/pages\/5024\/revisions"}],"predecessor-version":[{"id":109524,"href":"https:\/\/www.biavl.dk\/medlemmer\/wp-json\/wp\/v2\/pages\/5024\/revisions\/109524"}],"up":[{"embeddable":true,"href":"https:\/\/www.biavl.dk\/medlemmer\/wp-json\/wp\/v2\/pages\/5020"}],"wp:attachment":[{"href":"https:\/\/www.biavl.dk\/medlemmer\/wp-json\/wp\/v2\/media?parent=5024"}],"curies":[{"name":"wp","href":"https:\/\/api.w.org\/{rel}","templated":true}]}}