{"id":5070,"date":"2016-05-17T11:47:21","date_gmt":"2016-05-17T11:47:21","guid":{"rendered":"http:\/\/vonbulow.org\/medlemmer\/?page_id=5070"},"modified":"2016-06-22T08:25:55","modified_gmt":"2016-06-22T08:25:55","slug":"aendret-frysetest","status":"publish","type":"page","link":"https:\/\/www.biavl.dk\/medlemmer\/videnbank\/dronningeavl\/aendret-frysetest\/","title":{"rendered":"\u00c6NDRET FRYSETEST"},"content":{"rendered":"<p>I uge 21 foretages der landet over udrensningstest af d\u00f8d yngel med frysetestmetoden. Bifamiliens evne til at rense d\u00f8d yngel ud er en indikation af bifamiliens evne til faktisk at rense sygdom ud af bifamilien.<\/p>\n<p>Derfor laves denne test af mange biavler og er standard hos danske dronningeavlere. Fra s\u00e6sonen 2008 har de danske droningavlsforeninger i samarbejde med Danmarks Biavlerforening besluttet at simplificeret testen.<\/p>\n<p>Hidtil har det v\u00e6ret et krav at man skar et tavle stykke med forseglet yngel p\u00e5 ca. 100 celler ud af en bifamilie. Dette stykke skylle herefter anbringes i en fryser i 24 timer for at dr\u00e6be ynglen. Dette tavle stykke skulle herefter s\u00e6ttes tilbage i pr\u00e6cist den samme bifamilie. Dette udfra en ide om at blev tavlestykket sat i andre bifamilier, ville dette kunne p\u00e5virke resultatet.<\/p>\n<p>Vi har nu fundet frem til unders\u00f8gelser som er lavet helt tilbage i 1998 af Marla Spivak og Daniella Downey fra University of Minisota, som viser at dette ikke spiller nogen rolle for resultatet af fors\u00f8get (Field Assays for Hygienic Behavior in Honey Bees (Hymenoptera: Apidae). Journal of Economic Entomology vol 91. no. 1 1998 side 64-70).<\/p>\n<p>\u00c6ndringen betyder en betydelig arbejdstidsbesparelse for testen. Hvor man tidligere var n\u00f8dsaget til at k\u00f8re til alle bifamilierne, tage tavlestykker ud, m\u00e6rke osv, hvorefter tavlestykkerne skulle fryses i 24 timer, har biavleren nu den mulighed at man kan finde en god forseglet yngeltavle i en bifamilie og fordele den til test bifamilierne.<\/p>\n<p>Vi h\u00e5ber at denne simplificering vil resultere i endnu flere unders\u00f8gelser end hidtil.<\/p>\n<p>L\u00e6s om <a href=\"http:\/\/www.biavl.dk\/medlemmer\/wp-content\/uploads\/2016\/05\/frysetestmetoden08-1.pdf\">frysetest metoden<\/a>\u00a0her.<\/p>\n<p>L\u00e6s mere om<a href=\"http:\/\/www.biavl.dk\/medlemmer\/videnbank\/artikler\/dronningeavl\/\"> dronningavl\u00a0<\/a>her.<\/p>\n","protected":false},"excerpt":{"rendered":"<p>I uge 21 foretages der landet over udrensningstest af d\u00f8d yngel med frysetestmetoden. Bifamiliens evne til at rense d\u00f8d yngel ud er en indikation af bifamiliens evne til faktisk at rense sygdom ud af bifamilien. Derfor laves denne test af mange biavler og er standard hos danske dronningeavlere. Fra s\u00e6sonen 2008 har de danske droningavlsforeninger [&hellip;]<\/p>\n","protected":false},"author":1,"featured_media":0,"parent":5040,"menu_order":3,"comment_status":"closed","ping_status":"closed","template":"","meta":{"_acf_changed":false,"footnotes":""},"class_list":["post-5070","page","type-page","status-publish","hentry"],"acf":[],"aioseo_notices":[],"_links":{"self":[{"href":"https:\/\/www.biavl.dk\/medlemmer\/wp-json\/wp\/v2\/pages\/5070","targetHints":{"allow":["GET"]}}],"collection":[{"href":"https:\/\/www.biavl.dk\/medlemmer\/wp-json\/wp\/v2\/pages"}],"about":[{"href":"https:\/\/www.biavl.dk\/medlemmer\/wp-json\/wp\/v2\/types\/page"}],"author":[{"embeddable":true,"href":"https:\/\/www.biavl.dk\/medlemmer\/wp-json\/wp\/v2\/users\/1"}],"replies":[{"embeddable":true,"href":"https:\/\/www.biavl.dk\/medlemmer\/wp-json\/wp\/v2\/comments?post=5070"}],"version-history":[{"count":1,"href":"https:\/\/www.biavl.dk\/medlemmer\/wp-json\/wp\/v2\/pages\/5070\/revisions"}],"predecessor-version":[{"id":8623,"href":"https:\/\/www.biavl.dk\/medlemmer\/wp-json\/wp\/v2\/pages\/5070\/revisions\/8623"}],"up":[{"embeddable":true,"href":"https:\/\/www.biavl.dk\/medlemmer\/wp-json\/wp\/v2\/pages\/5040"}],"wp:attachment":[{"href":"https:\/\/www.biavl.dk\/medlemmer\/wp-json\/wp\/v2\/media?parent=5070"}],"curies":[{"name":"wp","href":"https:\/\/api.w.org\/{rel}","templated":true}]}}