{"id":5076,"date":"2016-05-17T12:16:44","date_gmt":"2016-05-17T12:16:44","guid":{"rendered":"http:\/\/vonbulow.org\/medlemmer\/?page_id=5076"},"modified":"2016-06-22T08:53:09","modified_gmt":"2016-06-22T08:53:09","slug":"karakterskala","status":"publish","type":"page","link":"https:\/\/www.biavl.dk\/medlemmer\/videnbank\/dronningeavl\/karakterskala\/","title":{"rendered":"KARAKTERSKALA"},"content":{"rendered":"<p><strong>KARAKTERSKALA TIL BED\u00d8MELSE AF BIFAMILIER I AVLS- OG FORS\u00d8GSARBEJDET<br \/>\n<\/strong>Karakterskalaen er udarbejdet i samarbejde med de danske dronningavlere. Karakterskalen er et vigtigt arbejdsredskab i bed\u00f8mmelse af bifamilier i avlsarbejdet.<\/p>\n<p><strong>\u2022 SV\u00c6RMTENDENS<br \/>\n<\/strong>5 Ingen bestiftede cellekopper.<br \/>\n4 Bestiftede cellekopper. Ingen sv\u00e6rmhindrende indgreb foretaget. Ingen sv\u00e6rmning.<br \/>\n3 Bestiftede cellekopper. Et sv\u00e6rmhindrende indgreb foretaget. Ingen sv\u00e6rm\u00acning.<br \/>\n2 Bestiftede cellekopper\/fodrede dronningelarver. Sv\u00e6rmhindrende indgreb foretaget en eller flere gange. Ingen sv\u00e6rmning.<br \/>\n1 Sv\u00e6rmning.<\/p>\n<p><strong>\u2022 TEMPERAMENT<\/strong><br \/>\n5 Stikker ikke. Kan h\u00e5ndteres uden brug af r\u00f8g.<br \/>\n4 Stikker ikke ved brug af r\u00f8g.<br \/>\n3 1 &#8211; 3 stik uprovokeret.<br \/>\n2 4 &#8211; 10 stik uprovokeret.<br \/>\n1 Aggressive. Stikker villigt.<\/p>\n<p><strong>\u2022 TAVLEFASTHED<\/strong><br \/>\n5 Meget rolige. Bierne g\u00e5r roligt p\u00e5 tavlerne, selv ved provokering. Afrystes let. Flyver ikke op ved afrystning.<br \/>\n4 Rolige. Bierne lidt urolige p\u00e5 tavlerne (letter ikke, men flyver op ved afryst\u00acning.<br \/>\n3 Nerv\u00f8se. Bierne l\u00f8ber p\u00e5 tavlerne og f\u00e5 bier letter uprovokeret.<br \/>\n2 Urolige. Bierne l\u00f8ber af tavlerne. Mange bier letter uprovokeret.<br \/>\n1 Meget urolige. Mange bier i luften.<\/p>\n<p><strong>HONNINGUDBYTTE<br \/>\n<\/strong>Honningudbyttet angives i kg. i forhold til big\u00e5rdsgennemsnittet. Eksempelvis betyder 70\/50 at bifamilien har givet 70 kg. honning i en big\u00e5rd med et gennemsnit p\u00e5 50 kg.<\/p>\n<p><strong>\u00c5RSKARAKTERER<\/strong><br \/>\nSv\u00e6rmtendens: Laveste karakter af minimum 3 bed\u00f8mmelser.<br \/>\nTemperament: Gennemsnit af alle bed\u00f8mmelser &#8211; minimum 4.<\/p>\n<p>Tavlefasthed: Gennemsnit af alle bed\u00f8mmelser &#8211; minimum 4.<\/p>\n<p>Honningudbytte: Karakter = \u00e5rskarakter<\/p>\n<p>Antal bifamilier i big\u00e5rden oplyses.<\/p>\n<p><strong>NOSEMA, UDRENSNINGSTEST, KALKYNGEL<\/strong><\/p>\n<p><strong>\u2022 NOSEMAPR\u00d8VER<\/strong><br \/>\n5 Ingen sporer.<br \/>\n4 Meget svag infektion (0-0,5 mill. sporer pr. bi)<br \/>\n3 Svag infektion (0,5-2 mill. sporer pr. bi)<br \/>\n2\u00a0Middel infektion (2-5 mill. sporer pr. bi)<br \/>\n1 St\u00e6rk infektion ( mere end 5 mill. sporer pr. bi)<br \/>\nDet anbefales at udtage 60 levende bier fra hver bifamilie som efter aflivning kan analyseres af nosemaan v\/Georg Kinch, Midtbjergvej 14, 6720 Fan\u00f8<\/p>\n<p><strong>\u2022 UDRENSNINGSTEST<\/strong><br \/>\nDer fryses et stykke nyforseglet yngel i et d\u00f8gn, og derefter s\u00e6tte det tilbage i familierne ca. 2 d\u00f8gn f\u00f8r bed\u00f8mmelsen. Udrensningen bed\u00f8mmes efter nedenst\u00e5ende karakterskala.<br \/>\n5 Renser helt ud. Alt udrenset.<br \/>\n4 Renser n\u00e6sten helt ud. N\u00e6sten alt udrenset. Mere end 80 af 100 celler udrenset<br \/>\n3 Renser delvist ud. Mellem 20 og 80 af 100 celler ud\u00acrenset.<br \/>\n2 Renser n\u00e6sten ikke ud. Mindre end 20 af 100 celler udrenset.<br \/>\n1 Renser ikke ud.<\/p>\n<p>Vurdering af forseglet droneyngel for forekomst af kalkyngel.<br \/>\nDer bed\u00f8mmes et stykke forsegle droneyngel for forekomst af kalkyngel. Hvis en del af ynglen ved bed\u00f8mmelsen er bortrenset beskrives resultatet som % udrenset yngel. Hvis yngelen ikke er\u00a0 synlig angrebet af kalkyngel, og alle celler er normalt forseglet, gives bem\u00e6rkningen: 0% udrenset.<\/p>\n","protected":false},"excerpt":{"rendered":"<p>KARAKTERSKALA TIL BED\u00d8MELSE AF BIFAMILIER I AVLS- OG FORS\u00d8GSARBEJDET Karakterskalaen er udarbejdet i samarbejde med de danske dronningavlere. Karakterskalen er et vigtigt arbejdsredskab i bed\u00f8mmelse af bifamilier i avlsarbejdet. \u2022 SV\u00c6RMTENDENS 5 Ingen bestiftede cellekopper. 4 Bestiftede cellekopper. Ingen sv\u00e6rmhindrende indgreb foretaget. Ingen sv\u00e6rmning. 3 Bestiftede cellekopper. Et sv\u00e6rmhindrende indgreb foretaget. Ingen sv\u00e6rm\u00acning. 2 Bestiftede [&hellip;]<\/p>\n","protected":false},"author":1,"featured_media":0,"parent":5040,"menu_order":3,"comment_status":"closed","ping_status":"closed","template":"","meta":{"_acf_changed":false,"footnotes":""},"class_list":["post-5076","page","type-page","status-publish","hentry"],"acf":[],"aioseo_notices":[],"_links":{"self":[{"href":"https:\/\/www.biavl.dk\/medlemmer\/wp-json\/wp\/v2\/pages\/5076","targetHints":{"allow":["GET"]}}],"collection":[{"href":"https:\/\/www.biavl.dk\/medlemmer\/wp-json\/wp\/v2\/pages"}],"about":[{"href":"https:\/\/www.biavl.dk\/medlemmer\/wp-json\/wp\/v2\/types\/page"}],"author":[{"embeddable":true,"href":"https:\/\/www.biavl.dk\/medlemmer\/wp-json\/wp\/v2\/users\/1"}],"replies":[{"embeddable":true,"href":"https:\/\/www.biavl.dk\/medlemmer\/wp-json\/wp\/v2\/comments?post=5076"}],"version-history":[{"count":1,"href":"https:\/\/www.biavl.dk\/medlemmer\/wp-json\/wp\/v2\/pages\/5076\/revisions"}],"predecessor-version":[{"id":8724,"href":"https:\/\/www.biavl.dk\/medlemmer\/wp-json\/wp\/v2\/pages\/5076\/revisions\/8724"}],"up":[{"embeddable":true,"href":"https:\/\/www.biavl.dk\/medlemmer\/wp-json\/wp\/v2\/pages\/5040"}],"wp:attachment":[{"href":"https:\/\/www.biavl.dk\/medlemmer\/wp-json\/wp\/v2\/media?parent=5076"}],"curies":[{"name":"wp","href":"https:\/\/api.w.org\/{rel}","templated":true}]}}