{"id":5227,"date":"2016-05-18T10:17:43","date_gmt":"2016-05-18T10:17:43","guid":{"rendered":"http:\/\/vonbulow.org\/medlemmer\/?page_id=5227"},"modified":"2021-04-16T13:00:16","modified_gmt":"2021-04-16T13:00:16","slug":"den-sunde-bigaard","status":"publish","type":"page","link":"https:\/\/www.biavl.dk\/medlemmer\/videnbank\/biygdom\/sygdomme\/den-sunde-bigaard\/","title":{"rendered":"DEN SUNDE BIG\u00c5RD"},"content":{"rendered":"<p>Biavlere b\u00f8r v\u00e6re p\u00e5 evig jagt efter nye og bedre big\u00e5rde. En big\u00e5rd skal placeres og indrettes s\u00e5ledes, at der skabes det bedst mulige milj\u00f8 for bierne og hensigtsm\u00e6ssige arbejdsforhold for biavleren.<\/p>\n<p><strong>BISTADERNE SKAL ST\u00c5 I L\u00c6<br \/>\n<\/strong>Tit og ofte t\u00e6nker biavleren kun p\u00e5 big\u00e5rdens placering i en sommersituation. Men overvintringssituationen er lige s\u00e5 vigtig. Uds\u00e6ttes en bifamilie for direkte vind, vil bifamilien blive k\u00f8let ned. Det samme g\u00e6lder direkte vind p\u00e5 flyvesp\u00e6kken. Undertr\u00e6k i skovomr\u00e5der er et ofte overset f\u00e6nomen. Dette is\u00e6r for de bifamilier der overvintrer med \u00e5ben tr\u00e5dbund. Derfor skal bistaderne st\u00e5 i l\u00e6.<\/p>\n<p>Det bedste er naturlig l\u00e6 i form af vegetation. Vegetation har det dog med at vokse og p\u00e5 sigt give for meget skygge. Bier som st\u00e5r i en t\u00e6t bevoksning vil f\u00e5 et d\u00e5rligt mikroklima med kulde og evt. for meget fugt. Man b\u00f8r ogs\u00e5 undg\u00e5 at s\u00e6tte bifamilier i lavninger eller fugtige steder.<\/p>\n<p><img loading=\"lazy\" decoding=\"async\" width=\"300\" height=\"224\" class=\"alignnone size-medium wp-image-5228\" src=\"http:\/\/www.biavl.dk\/medlemmer\/wp-content\/uploads\/2016\/05\/DENSUNDEBIGAARD-300x224.png\" alt=\"DENSUNDEBIGAARD\" srcset=\"https:\/\/www.biavl.dk\/medlemmer\/wp-content\/uploads\/2016\/05\/DENSUNDEBIGAARD-300x224.png 300w, https:\/\/www.biavl.dk\/medlemmer\/wp-content\/uploads\/2016\/05\/DENSUNDEBIGAARD.png 523w\" sizes=\"auto, (max-width: 300px) 100vw, 300px\" \/><\/p>\n<p>Nyindrettet big\u00e5rd. Bikasser opstillet 4 og 4. Bilen kan parkeres i midten af big\u00e5rden, s\u00e5 materiellet skal kun transporteres over en kort afstand. Der er opsat et vindbrydende hegn af kalmarbr\u00e6dder. Bem\u00e6rk at vinden skal brydes og ikke stoppes!<\/p>\n<p><strong>VINDBRYDER<br \/>\n<\/strong>Det anbefales at s\u00e6tte et vindbrydende hegn omkring big\u00e5rden. S\u00e5ledes sikrer man vindstille forhold omkring bifamilien. Et vindbrydende hegn m\u00e5 ikke v\u00e6re helt lukket. Hegnet skal blot neds\u00e6tte vindens hastighed. Vinden skal Ikke stoppes, da man ellers vil f\u00e5 en kastevind over i big\u00e5rden i stedet. Der b\u00f8r v\u00e6re 25-50% luft-\u00e5bning i hegnet.<\/p>\n<p><strong>SOL OG VARME<\/strong><br \/>\nDer m\u00e5 gerne v\u00e6re luft omkring en big\u00e5rd, s\u00e5ledes at bikasserne kan f\u00e5 sol. Dette er is\u00e6r vigtigt i for\u00e5rsperioden hvor bierne skal ud at t\u00f8mme deres tarme. Her vil et godt mikroklima med l\u00e6 og sol give en bifamilie gode muligheder for at opn\u00e5 de 9-10 grader, der kr\u00e6ves for at bierne flyver ud. Bifamilier der st\u00e5r i skygge og tr\u00e6k, risikerer at bierne ikke kommer ud og i stedet f\u00e5r bugl\u00f8b (t\u00f8mmer deres tarm) inde i bikassen.<\/p>\n<p>Flyvespr\u00e6kken b\u00f8r is\u00e6r i for\u00e5rsperioden vende mod syd, mens det ikke kan anbefales at vende flyvespr\u00e6kken mod nord i sommerperioden, da dette vil forkorte biernes tr\u00e6ktid om dagen.<\/p>\n<p><strong>KAN BIERNE F\u00c5 DET FOR VARMT?<br \/>\n<\/strong>Vi h\u00f8rer kun meget sj\u00e6ldent om bifamilier der er \u201ebr\u00e6ndt&#8221; sammen pga. for stor varmep\u00e5virkning fra solen. Bifamilier som st\u00e5r i en gryde i en grusgrav kan v\u00e6re udsat for for meget varme.<\/p>\n<p>Med de moderne velisolerede kunststofstader vi har i dag, opfylder de den modsatte funktion om sommeren. De holder varmen ude af bikasserne. Trugstader er ogs\u00e5 gode til at beskytte mod varmen. S\u00e5 l\u00e6nge der er tilstr\u00e6kkelig med vand til r\u00e5dighed, b\u00f8r dansk sommervarme ikke v\u00e6re noget problem. Danske biavlere har en tendens til at s\u00e6tte bierne i for meget skygge, frem for sol.<\/p>\n<p><strong>TR\u00c6KFORHOLD \u2013 POLLENFORSYNING<\/strong><br \/>\nHar en bifamilie ikke ordentlige tr\u00e6kforhold, kan den sv\u00e6kkes og v\u00e6re modtagelig for bisygdomme. Derfor har vi som biavlere en stor forpligtelse til at sikre rigeligt med pollen- og nektarforsyninger. Is\u00e6r i for\u00e5rsperioden er pollenforsyningen vigtig som proteinkilde til bifamiliens opdr\u00e6t af tilstr\u00e6kkelig og sund yngel. Sker dette ikke, udvikler bifamilien sig ikke. Familiens naturlige immunsystem kan sv\u00e6kkes. Manglende pollenforsyning kan v\u00e6re \u00e5rsagen til udbud af ondartet bipest. Plant gode pollenkilder for bierne i lokalomr\u00e5det!<\/p>\n<p>Antallet af bifamilier i big\u00e5rden eller i lokalomr\u00e5det skal tages med ind i overvejelsen. For mange bifamilier (og det er det meget sv\u00e6rt at s\u00e6tte tal p\u00e5) g\u00f8r, at omr\u00e5det kan \u201eovergr\u00e6sses&#8221;. 10-20 bifamilier pr. big\u00e5rd m\u00e5 betragtes som det maksimale antal.<\/p>\n<p><strong>VAND<\/strong><br \/>\nVand er vigtigt for bifamilierne. If\u00f8lge lov om biavl har biavleren pligt til at s\u00f8rge for god vandforsyning til bierne. Oftest vil de naturlige vandhuller og vandl\u00f8b v\u00e6re tilstr\u00e6kkelige. Vi anbefaler dog, at man opstiller et vandingsanl\u00e6g, is\u00e6r i t\u00e6t bebyggede omr\u00e5der. Bierne vil ellers s\u00f8ge over i naboernes b\u00f8rnebassiner og fuglebade. Vandingsanl\u00e6gget skal opstilles udenfor biernes flyveretning, ellers risikerer man at bierne t\u00f8mmer deres tarme i vandingsanl\u00e6gget og dermed spreder sygdomme. Det anbefales at g\u00f8re vandet surt, hvilket kan g\u00f8res vha. sphagnum eller en t\u00f8rve-klyne.<\/p>\n<p><img loading=\"lazy\" decoding=\"async\" width=\"218\" height=\"300\" class=\"alignnone size-medium wp-image-5229\" src=\"http:\/\/www.biavl.dk\/medlemmer\/wp-content\/uploads\/2016\/05\/SYGDOMME23-218x300.png\" alt=\"SYGDOMME23\" srcset=\"https:\/\/www.biavl.dk\/medlemmer\/wp-content\/uploads\/2016\/05\/SYGDOMME23-218x300.png 218w, https:\/\/www.biavl.dk\/medlemmer\/wp-content\/uploads\/2016\/05\/SYGDOMME23.png 523w\" sizes=\"auto, (max-width: 218px) 100vw, 218px\" \/><\/p>\n<p>Opstillinger der minimerer fejlflyvninger (efter Hans R\u00f8y). \u00d8verst: halvcirkelopstilling; midt: blokopstilling; nederst: brudt r\u00e6kke- eller b\u00f8lgeopstilling.<\/p>\n<p><strong>OPSTILLING AF BIFAMILIERNE<br \/>\n<\/strong>Der findes mange m\u00e5der at opstille bifamilierne p\u00e5 i en big\u00e5rd. Bifamilierne b\u00f8r dog st\u00e5 p\u00e5 en s\u00e5dan m\u00e5de at man kan arbejde frit med bierne. Det vil sige at biernes flyveretning ikke g\u00e5r ind over ens arbejdsomr\u00e5de. Den mest simple m\u00e5de er r\u00e6kkeopstillingen af bifamilierne. Dog b\u00f8r bifamilierne st\u00e5 med en meters afstand, samtidig er det godt med sm\u00e5 bevoksninger foran staderne, s\u00e5ledes at bierne har nogle kendem\u00e6rker at g\u00e5 efter. Bistaderne kan ogs\u00e5 males i forskellige farver, s\u00e5ledes at fejlflyvning undg\u00e5s. En anden m\u00e5de er Broder Adams: Her st\u00e5r opstablingskasserne 4 og 4 med forskellige flyveretninger. En hesteskoformet opstilling giver den mest hensigtsm\u00e6ssige arbejdsplads. Den mest optimale opstilling ud fra biernes synspunkt er den \u201etilf\u00e6ldige opstilling&#8221; med forskellige flyveretninger.<\/p>\n<p><strong>BIAVLEREN SKAL OGS\u00c5 HAVE DET GODT<\/strong><br \/>\nHar man mange bifamilier er der vigtige hensyn at tage til sine arbejdsstillinger. Den optimale big\u00e5rd er indrettet s\u00e5ledes, at biavlerens bil kan st\u00e5 lige midt i big\u00e5rden, s\u00e5 materiellet kun skal b\u00e6res over korte afstande. Biavlerens ryg skal gerne holde i mange \u00e5r. Vi ser mange big\u00e5rde hvor man b\u00e6rer honningmagasiner, foder m.m. 20-50 meter. Dette er ikke hensigtsm\u00e6ssigt.<\/p>\n<p><strong>HUSK HENSYNET TIL NABOEN<br \/>\n<\/strong>Der b\u00f8r ogs\u00e5 udvises hensyn til de n\u00e6rmeste naboer. Vil en opstillet big\u00e5rd kunne genere naboerne? Vil biernes flyveretning g\u00e5 lige ind over nabogrunden? Vil dette kunne medf\u00f8re naboklager? Med lidt omtanke kan en big\u00e5rd opstilles p\u00e5 en s\u00e5dan m\u00e5de, at naboen ikke engang opdager big\u00e5rdens tilstedev\u00e6relse.<br \/>\nNavn i big\u00e5rden<br \/>\nI \u00a73 (i \u201eBekendtg\u00f8relse om bisygdomme&#8221;) st\u00e5r, at big\u00e5rde opstillet uden for ejerens ejendom skal v\u00e6re m\u00e6rket synligt med ejerens navn og adresse.<\/p>\n<p><strong>KRITERIER FOR GODE BIG\u00c5RDE<\/strong><\/p>\n<ul>\n<li>Et godt mikroklima \u2013 l\u00e6 og lunt.<\/li>\n<li>Tilstr\u00e6kkelig med pollen- og nektarkilder.<\/li>\n<li>Adgang til vand.<\/li>\n<li>Undg\u00e5 gener for naboer.<\/li>\n<li>Gode arbejdsvilk\u00e5r for biavleren.<\/li>\n<li>God adgang med bil.<\/li>\n<\/ul>\n","protected":false},"excerpt":{"rendered":"<p>Biavlere b\u00f8r v\u00e6re p\u00e5 evig jagt efter nye og bedre big\u00e5rde. En big\u00e5rd skal placeres og indrettes s\u00e5ledes, at der skabes det bedst mulige milj\u00f8 for bierne og hensigtsm\u00e6ssige arbejdsforhold for biavleren. BISTADERNE SKAL ST\u00c5 I L\u00c6 Tit og ofte t\u00e6nker biavleren kun p\u00e5 big\u00e5rdens placering i en sommersituation. Men overvintringssituationen er lige s\u00e5 vigtig. [&hellip;]<\/p>\n","protected":false},"author":1,"featured_media":0,"parent":5189,"menu_order":2,"comment_status":"closed","ping_status":"closed","template":"","meta":{"_acf_changed":false,"footnotes":""},"class_list":["post-5227","page","type-page","status-publish","hentry"],"acf":[],"aioseo_notices":[],"_links":{"self":[{"href":"https:\/\/www.biavl.dk\/medlemmer\/wp-json\/wp\/v2\/pages\/5227","targetHints":{"allow":["GET"]}}],"collection":[{"href":"https:\/\/www.biavl.dk\/medlemmer\/wp-json\/wp\/v2\/pages"}],"about":[{"href":"https:\/\/www.biavl.dk\/medlemmer\/wp-json\/wp\/v2\/types\/page"}],"author":[{"embeddable":true,"href":"https:\/\/www.biavl.dk\/medlemmer\/wp-json\/wp\/v2\/users\/1"}],"replies":[{"embeddable":true,"href":"https:\/\/www.biavl.dk\/medlemmer\/wp-json\/wp\/v2\/comments?post=5227"}],"version-history":[{"count":3,"href":"https:\/\/www.biavl.dk\/medlemmer\/wp-json\/wp\/v2\/pages\/5227\/revisions"}],"predecessor-version":[{"id":9127,"href":"https:\/\/www.biavl.dk\/medlemmer\/wp-json\/wp\/v2\/pages\/5227\/revisions\/9127"}],"up":[{"embeddable":true,"href":"https:\/\/www.biavl.dk\/medlemmer\/wp-json\/wp\/v2\/pages\/5189"}],"wp:attachment":[{"href":"https:\/\/www.biavl.dk\/medlemmer\/wp-json\/wp\/v2\/media?parent=5227"}],"curies":[{"name":"wp","href":"https:\/\/api.w.org\/{rel}","templated":true}]}}