{"id":5246,"date":"2016-05-18T11:13:07","date_gmt":"2016-05-18T11:13:07","guid":{"rendered":"http:\/\/vonbulow.org\/medlemmer\/?page_id=5246"},"modified":"2020-07-15T11:56:22","modified_gmt":"2020-07-15T11:56:22","slug":"trakemiden","status":"publish","type":"page","link":"https:\/\/www.biavl.dk\/medlemmer\/videnbank\/biygdom\/sygdomme\/trakemiden\/","title":{"rendered":"TRAK\u00c9MIDEN"},"content":{"rendered":"<p>Trak\u00e9miden (<em>Acarapis woodi<\/em>) er en lille, oval mide, 0,13 mm lang og 0,08 mm bred, som lever inde i biernes luftveje \u2013 de s\u00e5kaldte trak\u00e9er. Miden lever fortrinsvis i brystets luftveje, og den foretr\u00e6kker unge bier, hovedsageligt bier som er under \u00e9t d\u00f8gn gamle.<\/p>\n<p>Inde i trak\u00e9erne bider miden hul p\u00e5 overfladen og suger, gennem hullet, blod fra det omgivende v\u00e6v. Det er kun hunnerne som optager n\u00e6ring, idet hannernes munddele er omdannet til parringsorganer. N\u00e5r en hunmide er blevet parret kan hun enten begynde \u00e6gl\u00e6gningen i luftvejene eller hun kan s\u00f8ge ud af luftvejene for at ops\u00f8ge en ny bi. V\u00e6lger hun sidstn\u00e6vnte, kravler hun ud p\u00e5 det yderste af biens h\u00e5r, hvor hun s\u00e6tter sig med forbenene fremstrakte. N\u00e5r en anden bi passerer t\u00e6t forbi, griber hun fat i denne og kravler ind i dens luftveje for at p\u00e5begynde \u00e6gl\u00e6gningen her.<\/p>\n<p>Udviklingen fra \u00e6g til voksen g\u00e5r over et larvestadie samt en form for nymfestadie, og hele udviklingen tager 11-12 dage for hannernes vedkommende og 14-15 dage for hunnerne.<\/p>\n<p>Da miden har fork\u00e6rlighed for unge bier, sker opformering af miden prim\u00e6rt i de perioder hvor der er yngel i bifamilien.<\/p>\n<p><strong>SPREDNING<br \/>\n<\/strong>Spredning af miden fra bifamilie til bifamilie, sker ved r\u00f8veri, fejlflyving og sv\u00e6rmning.<\/p>\n<p><strong>FOREKOMST<\/strong><br \/>\nTrak\u00e9miden er vidt udbredt i det meste af verden, og den var, mener man, \u00e5rsag til store tab af bifamilier i starten af 1900-tallet, s\u00e6rligt i England.<\/p>\n<p>I 1991 blev miden for f\u00f8rste gang konstateret i Danmark. Det var i f\u00f8lgebierne fra en sending dronninger fra USA.<\/p>\n<p>I 2000 fandt man miden for f\u00f8rste gang i danske big\u00e5rde. Den blev fundet i fire big\u00e5rde. \u00c5ret efter var der ingen fund af miden, men i 2002 og 2003 fandt man henholdsvis to og \u00e9n big\u00e5rd med trak\u00e9mider. Sidste \u00e5r fandt man miden i en enkelt big\u00e5rd \u2013 alle fund er gjort i det nordjyske og p\u00e5 L\u00e6s\u00f8.<\/p>\n<p><img loading=\"lazy\" decoding=\"async\" width=\"300\" height=\"298\" class=\"alignnone size-medium wp-image-5247\" src=\"http:\/\/www.biavl.dk\/medlemmer\/wp-content\/uploads\/2016\/05\/TRAKEMIDEN-300x298.png\" alt=\"TRAKEMIDEN\" srcset=\"https:\/\/www.biavl.dk\/medlemmer\/wp-content\/uploads\/2016\/05\/TRAKEMIDEN-300x298.png 300w, https:\/\/www.biavl.dk\/medlemmer\/wp-content\/uploads\/2016\/05\/TRAKEMIDEN-150x150.png 150w, https:\/\/www.biavl.dk\/medlemmer\/wp-content\/uploads\/2016\/05\/TRAKEMIDEN.png 523w\" sizes=\"auto, (max-width: 300px) 100vw, 300px\" \/><br \/>\nForan kraftigt angrebne bifamilier kan der kravle bier omkring med spredte vinger.<\/p>\n<p><img loading=\"lazy\" decoding=\"async\" width=\"300\" height=\"271\" class=\"alignnone size-medium wp-image-5248\" src=\"http:\/\/www.biavl.dk\/medlemmer\/wp-content\/uploads\/2016\/05\/TRAKEMIDEN2-300x271.png\" alt=\"TRAKEMIDEN2\" srcset=\"https:\/\/www.biavl.dk\/medlemmer\/wp-content\/uploads\/2016\/05\/TRAKEMIDEN2-300x271.png 300w, https:\/\/www.biavl.dk\/medlemmer\/wp-content\/uploads\/2016\/05\/TRAKEMIDEN2.png 523w\" sizes=\"auto, (max-width: 300px) 100vw, 300px\" \/><\/p>\n<p><img loading=\"lazy\" decoding=\"async\" width=\"194\" height=\"300\" class=\"alignnone size-medium wp-image-5249\" src=\"http:\/\/www.biavl.dk\/medlemmer\/wp-content\/uploads\/2016\/05\/TRAKEMIDEN3-194x300.png\" alt=\"TRAKEMIDEN3\" srcset=\"https:\/\/www.biavl.dk\/medlemmer\/wp-content\/uploads\/2016\/05\/TRAKEMIDEN3-194x300.png 194w, https:\/\/www.biavl.dk\/medlemmer\/wp-content\/uploads\/2016\/05\/TRAKEMIDEN3.png 523w\" sizes=\"auto, (max-width: 194px) 100vw, 194px\" \/><br \/>\nTrak\u00e9midehun i en trak\u00e9 (luftr\u00f8r).<\/p>\n<p><strong>SYMPTOMER<\/strong><br \/>\nN\u00e5r miderne punkterer luftvejene dannes efterh\u00e5nden s\u00e5rskorper, hvilket f\u00f8rer til en m\u00f8rkfarvning. Ligeledes finder man midernes aff\u00f8ring samt alle midens udviklingsstadier i luftvejene. Tilsammen menes dette at f\u00f8re til, at den angrebne bi har en ringere iltoptagelse. Da miderne foretr\u00e6kker at v\u00e6re i brystets luftveje, menes det, at biernes flyvemuskulatur ikke f\u00e5r tilstr\u00e6kkeligt med ilt. Dette medf\u00f8rer, at bierne er ude af stand til at flyve. Det klassiske sygdomsbillede er derfor kravlende bier med sitrende eller strittende vinger (se figur 27). Symptomerne ses tydeligst om for\u00e5ret.<\/p>\n<p>Det menes ogs\u00e5, at bier, angrebet af trak\u00e9mider, har en reduceret livsl\u00e6ngde. Angrebne bifamilier vil fra sensommeren og frem til for\u00e5ret gradvist blive svagere og svagere, for til sidst at d\u00f8 ud. Angrebne bifamilier som klarer sig gennem vinteren vil ofte v\u00e6re svage og har et betydeligt reduceret yngelleje \u2013 oftest vil s\u00e5danne familier ikke n\u00e5 at rette sig i l\u00f8bet af s\u00e6sonen.<\/p>\n<p><img loading=\"lazy\" decoding=\"async\" width=\"300\" height=\"295\" class=\"alignnone size-medium wp-image-5250\" src=\"http:\/\/www.biavl.dk\/medlemmer\/wp-content\/uploads\/2016\/05\/TRAKEMIDEN4-300x295.png\" alt=\"TRAKEMIDEN4\" srcset=\"https:\/\/www.biavl.dk\/medlemmer\/wp-content\/uploads\/2016\/05\/TRAKEMIDEN4-300x295.png 300w, https:\/\/www.biavl.dk\/medlemmer\/wp-content\/uploads\/2016\/05\/TRAKEMIDEN4.png 523w\" sizes=\"auto, (max-width: 300px) 100vw, 300px\" \/><br \/>\nGennem en lup kan man se m\u00f8rkfarvede partier p\u00e5 trak\u00e9erne, hvilket kan skyldes angreb af trak\u00e9mider.<\/p>\n<p><strong>FORVEKSLINGSMULIGHEDER<br \/>\n<\/strong>Kravlende, flyvelammede bier og udd\u00f8de bifamilier er symptomer som kan forveksles med nosema, am\u00f8besyge, varroa og virus eller bifor-giftning.<\/p>\n<p><strong>P\u00c5VISNING<\/strong><br \/>\nDa miderne er meget sm\u00e5 og lever inde i bien, er det sv\u00e6rt selv at unders\u00f8ge bierne for tilstedev\u00e6relse af mider. Man benytter to metoder til p\u00e5visning: Dissektion, hvor man sk\u00e6rer biens bryst over lige bag 1. benpar. Ved hj\u00e6lp af en almindelig lup kan man nu unders\u00f8ge biens luftveje. Sunde luftveje er m\u00e6lkehvide, mens angrebne er m\u00f8rkfarvede (se figur 29). V\u00e6r dog opm\u00e6rksom p\u00e5, at m\u00f8rkfarvede luftveje ogs\u00e5 kan skyldes pollenkorn eller andre fremmedlegemer.<\/p>\n<p>Man b\u00f8r dog ved mistanke om trak\u00e9mideangreb kontakte den lokale bisygdomsinspekt\u00f8r, som sender en pr\u00f8ve p\u00e5 60 bier (helst bier med symptomer \u2013 dvs. kravlende og med strittende vinger \u2013 eller bier fra flyvebr\u00e6ttet. Bipr\u00f8ven skal indsendes, i et por\u00f8st sugende materiale, til Offentlig Bisygdomsbek\u00e6mpelse (se adresse under\u00a0Hvad g\u00f8r jeg?), hvor de underkastes laboratorieunders\u00f8gelser.<\/p>\n<p><strong>FOREBYGGELSE<\/strong><br \/>\nS\u00f8rg for at have st\u00e6rke bifamilier som har gode tr\u00e6kmuligheder om for\u00e5ret. Undg\u00e5 sv\u00e6rmning, fejlflyvning og r\u00f8veri. Undg\u00e5 at k\u00f8be importerede dronninger fra lande hvor miden findes og sl\u00e5 altid f\u00f8lgebierne ihjel. Anvend myresyre i varroabek\u00e6mpelsen, s\u00e5 sl\u00e5r du ogs\u00e5 eventuelle trak\u00e9mider ihjel.<\/p>\n<p><strong>BEK\u00c6MPELSE<\/strong><br \/>\nTil bek\u00e6mpelse af trak\u00e9mider kan man anvende oliet\u00e6rter og myresyre.<br \/>\nOliet\u00e6rter fremstilles ved at \u00e6lte to dele sukker sammen med \u00e9n del plantemargarine. Der anvendes t\u00e6rter p\u00e5 250 g pr. bifamilie. T\u00e6rterne placeres ovenp\u00e5 b\u00e6relisterne n\u00e6r yngellejet. Da t\u00e6rterne virker som et kontaktmiddel (dvs. et middel bierne f\u00e5r p\u00e5 sig ved direkte ber\u00f8ring) er behandlingen langvarig, hvilket skyldes, at det kun er de mider som findes uden p\u00e5 bien som rammes.<\/p>\n<p>Til geng\u00e6ld er behandlingen effektiv og kan anvendes i maj-juni, hvor det ikke er muligt at anvende andre bek\u00e6mpelsesmidler. En behandling med oliet\u00e6rter skal dog f\u00f8lges op med en senere myresyrebahndling.<\/p>\n<p>Anvender man den sikre strategi til bek\u00e6mpelsen af varroamider, bek\u00e6mper man samtidig eventuelle trak\u00e9mider, da disse dr\u00e6bes af myresyredampe. Myresyredampene ind\u00e5ndes af bierne og virker derfor p\u00e5 trakemiderne inde i luftvejene.<\/p>\n","protected":false},"excerpt":{"rendered":"<p>Trak\u00e9miden (Acarapis woodi) er en lille, oval mide, 0,13 mm lang og 0,08 mm bred, som lever inde i biernes luftveje \u2013 de s\u00e5kaldte trak\u00e9er. Miden lever fortrinsvis i brystets luftveje, og den foretr\u00e6kker unge bier, hovedsageligt bier som er under \u00e9t d\u00f8gn gamle. Inde i trak\u00e9erne bider miden hul p\u00e5 overfladen og suger, gennem [&hellip;]<\/p>\n","protected":false},"author":1,"featured_media":0,"parent":5189,"menu_order":11,"comment_status":"closed","ping_status":"closed","template":"","meta":{"_acf_changed":false,"footnotes":""},"class_list":["post-5246","page","type-page","status-publish","hentry"],"acf":[],"aioseo_notices":[],"_links":{"self":[{"href":"https:\/\/www.biavl.dk\/medlemmer\/wp-json\/wp\/v2\/pages\/5246","targetHints":{"allow":["GET"]}}],"collection":[{"href":"https:\/\/www.biavl.dk\/medlemmer\/wp-json\/wp\/v2\/pages"}],"about":[{"href":"https:\/\/www.biavl.dk\/medlemmer\/wp-json\/wp\/v2\/types\/page"}],"author":[{"embeddable":true,"href":"https:\/\/www.biavl.dk\/medlemmer\/wp-json\/wp\/v2\/users\/1"}],"replies":[{"embeddable":true,"href":"https:\/\/www.biavl.dk\/medlemmer\/wp-json\/wp\/v2\/comments?post=5246"}],"version-history":[{"count":1,"href":"https:\/\/www.biavl.dk\/medlemmer\/wp-json\/wp\/v2\/pages\/5246\/revisions"}],"predecessor-version":[{"id":8708,"href":"https:\/\/www.biavl.dk\/medlemmer\/wp-json\/wp\/v2\/pages\/5246\/revisions\/8708"}],"up":[{"embeddable":true,"href":"https:\/\/www.biavl.dk\/medlemmer\/wp-json\/wp\/v2\/pages\/5189"}],"wp:attachment":[{"href":"https:\/\/www.biavl.dk\/medlemmer\/wp-json\/wp\/v2\/media?parent=5246"}],"curies":[{"name":"wp","href":"https:\/\/api.w.org\/{rel}","templated":true}]}}