{"id":679,"date":"2016-03-09T10:10:38","date_gmt":"2016-03-09T10:10:38","guid":{"rendered":"http:\/\/vonbulow.org\/medlemmer\/?page_id=679"},"modified":"2020-07-22T13:26:20","modified_gmt":"2020-07-22T13:26:20","slug":"groentsagshonning","status":"publish","type":"page","link":"https:\/\/www.biavl.dk\/medlemmer\/videnbank\/opskrifter\/forretter\/groentsagshonning\/","title":{"rendered":"GR\u00d8NTSAGSHONNING"},"content":{"rendered":"<p>Tag nogle friske gr\u00f8ntsager: Guler\u00f8dder, agurker, tomater, radiser, og hvad du ellers kan lide, &#8211; og snit dem i stykker.<br \/>\nDu kan ogs\u00e5 lave sjove figurer af dem.<br \/>\nBland en dressing af honning, \u00e6blejuice og citron.<br \/>\nDen kan du h\u00e6lde over gr\u00f8ntsagsstykkerne, &#8211; eller du kan sidde og dyppe dem i den.<\/p>\n","protected":false},"excerpt":{"rendered":"<p>Tag nogle friske gr\u00f8ntsager: Guler\u00f8dder, agurker, tomater, radiser, og hvad du ellers kan lide, &#8211; og snit dem i stykker. Du kan ogs\u00e5 lave sjove figurer af dem. Bland en dressing af honning, \u00e6blejuice og citron. Den kan du h\u00e6lde over gr\u00f8ntsagsstykkerne, &#8211; eller du kan sidde og dyppe dem i den.<\/p>\n","protected":false},"author":1,"featured_media":0,"parent":48,"menu_order":5,"comment_status":"closed","ping_status":"closed","template":"page-opskriften.php","meta":{"_acf_changed":false,"footnotes":""},"class_list":["post-679","page","type-page","status-publish","hentry"],"acf":[],"aioseo_notices":[],"_links":{"self":[{"href":"https:\/\/www.biavl.dk\/medlemmer\/wp-json\/wp\/v2\/pages\/679","targetHints":{"allow":["GET"]}}],"collection":[{"href":"https:\/\/www.biavl.dk\/medlemmer\/wp-json\/wp\/v2\/pages"}],"about":[{"href":"https:\/\/www.biavl.dk\/medlemmer\/wp-json\/wp\/v2\/types\/page"}],"author":[{"embeddable":true,"href":"https:\/\/www.biavl.dk\/medlemmer\/wp-json\/wp\/v2\/users\/1"}],"replies":[{"embeddable":true,"href":"https:\/\/www.biavl.dk\/medlemmer\/wp-json\/wp\/v2\/comments?post=679"}],"version-history":[{"count":2,"href":"https:\/\/www.biavl.dk\/medlemmer\/wp-json\/wp\/v2\/pages\/679\/revisions"}],"predecessor-version":[{"id":139603,"href":"https:\/\/www.biavl.dk\/medlemmer\/wp-json\/wp\/v2\/pages\/679\/revisions\/139603"}],"up":[{"embeddable":true,"href":"https:\/\/www.biavl.dk\/medlemmer\/wp-json\/wp\/v2\/pages\/48"}],"wp:attachment":[{"href":"https:\/\/www.biavl.dk\/medlemmer\/wp-json\/wp\/v2\/media?parent=679"}],"curies":[{"name":"wp","href":"https:\/\/api.w.org\/{rel}","templated":true}]}}