{"id":7664,"date":"2016-06-02T11:47:05","date_gmt":"2016-06-02T09:47:05","guid":{"rendered":"http:\/\/vonbulow.org\/medlemmer\/?page_id=7664"},"modified":"2024-03-26T06:33:20","modified_gmt":"2024-03-26T06:33:20","slug":"odense-2014","status":"publish","type":"page","link":"https:\/\/www.biavl.dk\/medlemmer\/medlemmer\/generalforsamling\/odense-2014\/","title":{"rendered":"ODENSE 2014"},"content":{"rendered":"<p><img loading=\"lazy\" decoding=\"async\" width=\"300\" height=\"179\" class=\"alignnone size-medium wp-image-7620\" src=\"http:\/\/www.biavl.dk\/medlemmer\/wp-content\/uploads\/2016\/06\/Generalforsamling_2-300x179.jpg\" alt=\"Generalforsamling-2016\" srcset=\"https:\/\/www.biavl.dk\/medlemmer\/wp-content\/uploads\/2016\/06\/Generalforsamling_2-300x179.jpg 300w, https:\/\/www.biavl.dk\/medlemmer\/wp-content\/uploads\/2016\/06\/Generalforsamling_2.jpg 448w\" sizes=\"auto, (max-width: 300px) 100vw, 300px\" \/><\/p>\n<p>&nbsp;<\/p>\n<p>Du kan her downloade materialet, som blev behandlet p\u00e5 m\u00f8det:<\/p>\n<ul>\n<li><a href=\"http:\/\/www.biavl.dk\/medlemmer\/wp-content\/uploads\/2016\/06\/Dagsorden-1.pdf\">Dagsorden<\/a><\/li>\n<li><a href=\"http:\/\/www.biavl.dk\/medlemmer\/wp-content\/uploads\/2016\/06\/Beretning_2013.pdf\">Bestyrelsens skriftlige beretning_2013<\/a><\/li>\n<li><a href=\"http:\/\/www.biavl.dk\/medlemmer\/wp-content\/uploads\/2016\/06\/\u00e5rsrapport-2014_underskrevet.pdf\">\u00c5rsrapport 2013<\/a><\/li>\n<li><a href=\"http:\/\/www.biavl.dk\/medlemmer\/wp-content\/uploads\/2016\/06\/Forslag_generalforsamlingen.pdf\">Indkomne forslag<\/a><\/li>\n<li><a href=\"http:\/\/www.biavl.dk\/medlemmer\/wp-content\/uploads\/2016\/06\/Forslag_til_Budget_2015.pdf\">Forslag til budget for 2015<\/a><\/li>\n<li><a href=\"http:\/\/www.biavl.dk\/medlemmer\/wp-content\/uploads\/2016\/06\/Forslag_til_kontingent_2015.pdf\">Forslag til kontingent 2015<\/a><\/li>\n<\/ul>\n<p>For yderligere information om generalforsamlingen henvises til Danmarks Biavlerforenings vedt\u00e6gter \u00a7 5.<\/p>\n","protected":false},"excerpt":{"rendered":"<p>&nbsp; Du kan her downloade materialet, som blev behandlet p\u00e5 m\u00f8det: Dagsorden Bestyrelsens skriftlige beretning_2013 \u00c5rsrapport 2013 Indkomne forslag Forslag til budget for 2015 Forslag til kontingent 2015 For yderligere information om generalforsamlingen henvises til Danmarks Biavlerforenings vedt\u00e6gter \u00a7 5.<\/p>\n","protected":false},"author":1,"featured_media":0,"parent":2787,"menu_order":12,"comment_status":"closed","ping_status":"closed","template":"","meta":{"_acf_changed":false,"footnotes":""},"class_list":["post-7664","page","type-page","status-publish","hentry"],"acf":[],"aioseo_notices":[],"_links":{"self":[{"href":"https:\/\/www.biavl.dk\/medlemmer\/wp-json\/wp\/v2\/pages\/7664","targetHints":{"allow":["GET"]}}],"collection":[{"href":"https:\/\/www.biavl.dk\/medlemmer\/wp-json\/wp\/v2\/pages"}],"about":[{"href":"https:\/\/www.biavl.dk\/medlemmer\/wp-json\/wp\/v2\/types\/page"}],"author":[{"embeddable":true,"href":"https:\/\/www.biavl.dk\/medlemmer\/wp-json\/wp\/v2\/users\/1"}],"replies":[{"embeddable":true,"href":"https:\/\/www.biavl.dk\/medlemmer\/wp-json\/wp\/v2\/comments?post=7664"}],"version-history":[{"count":1,"href":"https:\/\/www.biavl.dk\/medlemmer\/wp-json\/wp\/v2\/pages\/7664\/revisions"}],"predecessor-version":[{"id":8936,"href":"https:\/\/www.biavl.dk\/medlemmer\/wp-json\/wp\/v2\/pages\/7664\/revisions\/8936"}],"up":[{"embeddable":true,"href":"https:\/\/www.biavl.dk\/medlemmer\/wp-json\/wp\/v2\/pages\/2787"}],"wp:attachment":[{"href":"https:\/\/www.biavl.dk\/medlemmer\/wp-json\/wp\/v2\/media?parent=7664"}],"curies":[{"name":"wp","href":"https:\/\/api.w.org\/{rel}","templated":true}]}}